{"id":1530,"date":"2025-10-15T11:54:12","date_gmt":"2025-10-15T14:54:12","guid":{"rendered":"https:\/\/ibemf.org.br\/?post_type=product&#038;p=1530"},"modified":"2026-02-26T14:51:51","modified_gmt":"2026-02-26T17:51:51","slug":"cpa-anbima-online","status":"publish","type":"product","link":"https:\/\/ibemf.org.br\/index.php\/produto\/cpa-anbima-online\/","title":{"rendered":"CPA &#8211; ANBIMA | Online | CPA 10, CPA 20 e CEA"},"content":{"rendered":"<h2 data-start=\"322\" data-end=\"359\">Curso Preparat\u00f3rio para CPA ANBIMA<\/h2>\n<p data-start=\"361\" data-end=\"694\">O principal objetivo do <strong data-start=\"385\" data-end=\"450\">Curso Preparat\u00f3rio para CPA (Certificado Profissional ANBIMA)<\/strong> \u00e9 garantir que o candidato domine os conhecimentos fundamentais exigidos para a aprova\u00e7\u00e3o no exame. Al\u00e9m disso, o curso desenvolve as novas habilidades pr\u00e1ticas previstas para a certifica\u00e7\u00e3o, que entra em vigor a partir de janeiro de 2026.<\/p>\n<p data-start=\"696\" data-end=\"1042\">A nova certifica\u00e7\u00e3o <strong data-start=\"716\" data-end=\"757\">CPA (Certificado Profissional ANBIMA)<\/strong> tem como foco ser a porta de entrada obrigat\u00f3ria para a carreira em distribui\u00e7\u00e3o de produtos de investimento. Nesse contexto, h\u00e1 \u00eanfase nas atividades comerciais e no conhecimento fundamental do mercado financeiro. Dessa forma, essa certifica\u00e7\u00e3o substitui a antiga <strong data-start=\"1031\" data-end=\"1041\">CPA-10<\/strong>.<\/p>\n<p data-start=\"1044\" data-end=\"1198\">Al\u00e9m disso, a nova CPA integra a trilha de certifica\u00e7\u00f5es da ANBIMA que substitui a <strong data-start=\"1131\" data-end=\"1155\">CPA-10, CPA-20 e CEA<\/strong>, com vig\u00eancia a partir de janeiro de 2026.<\/p>\n<hr data-start=\"1200\" data-end=\"1203\" \/>\n<h2 data-start=\"1205\" data-end=\"1236\">Objetivo da Certifica\u00e7\u00e3o CPA<\/h2>\n<p data-start=\"1238\" data-end=\"1574\">A certifica\u00e7\u00e3o CPA representa o ponto de partida para quem deseja atuar na \u00e1rea de distribui\u00e7\u00e3o de produtos de investimento. Nesse sentido, ela certifica o profissional para exercer atividades comerciais de n\u00edvel b\u00e1sico. Assim, garante que o candidato possua fundamentos \u00e9ticos e t\u00e9cnicos adequados para interagir com o p\u00fablico.<\/p>\n<hr data-start=\"1576\" data-end=\"1579\" \/>\n<h2 data-start=\"1581\" data-end=\"1623\">Atividades e Compet\u00eancias Desenvolvidas<\/h2>\n<p data-start=\"1625\" data-end=\"1793\">As atividades e compet\u00eancias da certifica\u00e7\u00e3o CPA est\u00e3o direcionadas ao atendimento inicial e \u00e0s fun\u00e7\u00f5es comerciais b\u00e1sicas. Entre os principais pontos<strong>,<\/strong> destacam-se:<\/p>\n<p data-start=\"1795\" data-end=\"2025\"><strong data-start=\"1795\" data-end=\"1834\">Fornecimento de Informa\u00e7\u00f5es B\u00e1sicas<\/strong><br data-start=\"1834\" data-end=\"1837\" \/>Capacita o profissional a apresentar dados e informa\u00e7\u00f5es claras sobre os principais produtos e servi\u00e7os financeiros. Dessa forma, contribui para uma comunica\u00e7\u00e3o objetiva com o cliente.<\/p>\n<p data-start=\"2027\" data-end=\"2186\"><strong data-start=\"2027\" data-end=\"2053\">Prospec\u00e7\u00e3o de Clientes<\/strong><br data-start=\"2053\" data-end=\"2056\" \/>Habilita o profissional a identificar potenciais investidores no mercado. Assim, permite o in\u00edcio do relacionamento comercial.<\/p>\n<p data-start=\"2188\" data-end=\"2423\"><strong data-start=\"2188\" data-end=\"2221\">Atendimento e Suporte Inicial<\/strong><br data-start=\"2221\" data-end=\"2224\" \/>Ensina a escutar as necessidades dos clientes. Al\u00e9m disso, orienta o direcionamento adequado para especialistas certificados, como profissionais com <strong data-start=\"2377\" data-end=\"2388\">C-Pro R<\/strong> ou <strong data-start=\"2392\" data-end=\"2403\">C-Pro I<\/strong>, quando necess\u00e1rio.<\/p>\n<p data-start=\"2425\" data-end=\"2615\"><strong data-start=\"2425\" data-end=\"2446\">\u00c9tica e Regula\u00e7\u00e3o<\/strong><br data-start=\"2446\" data-end=\"2449\" \/>Aborda princ\u00edpios de conduta, \u00e9tica profissional e as normas b\u00e1sicas do Sistema Financeiro Nacional (SFN). Portanto, refor\u00e7a a import\u00e2ncia da atua\u00e7\u00e3o respons\u00e1vel.<\/p>\n<hr data-start=\"2617\" data-end=\"2620\" \/>\n<h2 data-start=\"2622\" data-end=\"2637\">P\u00fablico-Alvo<\/h2>\n<p data-start=\"2639\" data-end=\"2877\">O curso \u00e9 indicado para profissionais em in\u00edcio de carreira interessados em atuar no mercado financeiro. Al\u00e9m disso, \u00e9 recomendado para aqueles que j\u00e1 exercem fun\u00e7\u00f5es comerciais b\u00e1sicas e precisam da certifica\u00e7\u00e3o para atua\u00e7\u00e3o regular.<\/p>\n<hr data-start=\"2879\" data-end=\"2882\" \/>\n<h2 data-start=\"2884\" data-end=\"2908\">Conte\u00fado Program\u00e1tico<\/h2>\n<p data-start=\"2910\" data-end=\"3135\">O curso preparat\u00f3rio garante que o aluno estude, de forma direcionada, todos os conte\u00fados previstos no <strong data-start=\"3013\" data-end=\"3040\">Programa Detalhado (PD)<\/strong> da nova CPA. Dessa maneira, o aprendizado ocorre de forma estruturada e alinhada ao exame.<\/p>\n<p data-start=\"3137\" data-end=\"3290\"><strong data-start=\"3137\" data-end=\"3163\">Fundamentos do Mercado<\/strong><br data-start=\"3163\" data-end=\"3166\" \/>Aborda a estrutura do Sistema Financeiro Nacional (SFN). Al\u00e9m disso, apresenta no\u00e7\u00f5es essenciais de economia e finan\u00e7as.<\/p>\n<p data-start=\"3292\" data-end=\"3484\"><strong data-start=\"3292\" data-end=\"3311\">\u00c9tica e Conduta<\/strong><br data-start=\"3311\" data-end=\"3314\" \/>Trata dos c\u00f3digos da ANBIMA, Compliance e regulamenta\u00e7\u00e3o. Ainda, contempla a an\u00e1lise do perfil do investidor (<strong data-start=\"3428\" data-end=\"3443\">Suitability<\/strong>), essencial para a atua\u00e7\u00e3o profissional.<\/p>\n<p data-start=\"3486\" data-end=\"3690\"><strong data-start=\"3486\" data-end=\"3514\">Produtos de Investimento<\/strong><br data-start=\"3514\" data-end=\"3517\" \/>Oferece uma vis\u00e3o b\u00e1sica e clara sobre Renda Fixa, Renda Vari\u00e1vel, Fundos de Investimento e Previd\u00eancia. Assim, prepara o aluno para o atendimento inicial ao investidor.<\/p>\n<p data-start=\"3692\" data-end=\"3880\"><strong data-start=\"3692\" data-end=\"3708\">Temas Atuais<\/strong><br data-start=\"3708\" data-end=\"3711\" \/>Apresenta novos assuntos relevantes para o mercado financeiro. Entre eles, destacam-se os conceitos de <strong data-start=\"3818\" data-end=\"3858\">ESG (Ambiental, Social e Governan\u00e7a)<\/strong> e <strong data-start=\"3861\" data-end=\"3879\">Criptoeconomia<\/strong>.<\/p>\n<hr data-start=\"3882\" data-end=\"3885\" \/>\n<h2 data-start=\"3887\" data-end=\"3926\">Formato do Curso Preparat\u00f3rio Online<\/h2>\n<p data-start=\"3928\" data-end=\"4020\">O curso preparat\u00f3rio <strong data-start=\"3949\" data-end=\"3959\">online<\/strong> para a <strong data-start=\"3967\" data-end=\"3987\">Certifica\u00e7\u00e3o CPA<\/strong> \u00e9 oferecido no seguinte formato:<\/p>\n<ul data-start=\"4022\" data-end=\"4085\">\n<li data-start=\"4022\" data-end=\"4054\">\n<p data-start=\"4024\" data-end=\"4054\"><strong data-start=\"4024\" data-end=\"4042\">Carga hor\u00e1ria:<\/strong> 12 horas;<\/p>\n<\/li>\n<li data-start=\"4055\" data-end=\"4085\">\n<p data-start=\"4057\" data-end=\"4085\"><strong data-start=\"4057\" data-end=\"4072\">Modalidade:<\/strong> 100% online.<\/p>\n<\/li>\n<\/ul>\n<p data-start=\"4087\" data-end=\"4152\">Al\u00e9m disso, o aluno conta com os seguintes recursos inclusos:<\/p>\n<ul data-start=\"4154\" data-end=\"4455\">\n<li data-start=\"4154\" data-end=\"4263\">\n<p data-start=\"4156\" data-end=\"4263\">Acesso \u00e0 plataforma de estudos por 90 dias. Assim, \u00e9 poss\u00edvel assistir \u00e0s aulas quando e onde quiser;<\/p>\n<\/li>\n<li data-start=\"4264\" data-end=\"4324\">\n<p data-start=\"4266\" data-end=\"4324\">Grupo exclusivo da turma para esclarecimento de d\u00favidas;<\/p>\n<\/li>\n<li data-start=\"4325\" data-end=\"4375\">\n<p data-start=\"4327\" data-end=\"4375\">Apostila em PDF para acompanhamento das aulas;<\/p>\n<\/li>\n<li data-start=\"4376\" data-end=\"4455\">\n<p data-start=\"4378\" data-end=\"4455\">Simulados e exerc\u00edcios dispon\u00edveis na plataforma para refor\u00e7o do aprendizado.<\/p>\n<\/li>\n<\/ul>\n","protected":false},"excerpt":{"rendered":"<p>Curso Preparat\u00f3rio para CPA ANBIMA O principal objetivo do Curso Preparat\u00f3rio para CPA (Certificado Profissional ANBIMA) \u00e9 garantir que o candidato domine os conhecimentos fundamentais exigidos para a aprova\u00e7\u00e3o no exame. Al\u00e9m disso, o curso desenvolve as novas habilidades pr\u00e1ticas previstas para a certifica\u00e7\u00e3o, que entra em vigor a partir de janeiro de 2026. A [&hellip;]<\/p>\n","protected":false},"featured_media":1522,"comment_status":"open","ping_status":"closed","template":"","meta":{"_joinchat":[]},"product_brand":[],"product_cat":[26,44],"product_tag":[],"class_list":{"0":"post-1530","1":"product","2":"type-product","3":"status-publish","4":"has-post-thumbnail","6":"product_cat-cursos-online","7":"product_cat-loja","9":"first","10":"outofstock","11":"taxable","12":"shipping-taxable","13":"purchasable","14":"product-type-simple"},"yoast_head":"<!-- This site is optimized with the Yoast SEO Premium plugin v26.9 (Yoast SEO v26.9) - https:\/\/yoast.com\/product\/yoast-seo-premium-wordpress\/ -->\n<title>CPA - ANBIMA | Online | CPA 10, CPA 20 e CEA - IBEMF - Cursos Certifica\u00e7\u00f5es e Forma\u00e7\u00f5es<\/title>\n<meta name=\"description\" content=\"Curso preparat\u00f3rio para a nova CPA ANBIMA. Aulas, simulados e suporte para garantir sua aprova\u00e7\u00e3o na certifica\u00e7\u00e3o obrigat\u00f3ria a partir de 2026.\" \/>\n<meta name=\"robots\" content=\"index, follow, max-snippet:-1, max-image-preview:large, max-video-preview:-1\" \/>\n<link rel=\"canonical\" href=\"https:\/\/ibemf.org.br\/index.php\/produto\/cpa-anbima-online\/\" \/>\n<meta property=\"og:locale\" content=\"pt_BR\" \/>\n<meta property=\"og:type\" content=\"article\" \/>\n<meta property=\"og:title\" content=\"CPA - ANBIMA | Online | CPA 10, CPA 20 e CEA\" \/>\n<meta property=\"og:description\" content=\"Curso preparat\u00f3rio para a nova CPA ANBIMA. Aulas, simulados e suporte para garantir sua aprova\u00e7\u00e3o na certifica\u00e7\u00e3o obrigat\u00f3ria a partir de 2026.\" \/>\n<meta property=\"og:url\" content=\"https:\/\/ibemf.org.br\/index.php\/produto\/cpa-anbima-online\/\" \/>\n<meta property=\"og:site_name\" content=\"IBEMF - Cursos Certifica\u00e7\u00f5es e Forma\u00e7\u00f5es\" \/>\n<meta property=\"article:publisher\" content=\"https:\/\/www.facebook.com\/ibemfrj\" \/>\n<meta property=\"article:modified_time\" content=\"2026-02-26T17:51:51+00:00\" \/>\n<meta property=\"og:image\" content=\"https:\/\/ibemf.org.br\/wp-content\/uploads\/2025\/10\/CPA-ONLINE.jpg\" \/>\n\t<meta property=\"og:image:width\" content=\"1080\" \/>\n\t<meta property=\"og:image:height\" content=\"1080\" \/>\n\t<meta property=\"og:image:type\" content=\"image\/jpeg\" \/>\n<meta name=\"twitter:card\" content=\"summary_large_image\" \/>\n<meta name=\"twitter:label1\" content=\"Est. tempo de leitura\" \/>\n\t<meta name=\"twitter:data1\" content=\"4 minutos\" \/>\n<script type=\"application\/ld+json\" class=\"yoast-schema-graph\">{\"@context\":\"https:\/\/schema.org\",\"@graph\":[{\"@type\":\"WebPage\",\"@id\":\"https:\/\/ibemf.org.br\/index.php\/produto\/cpa-anbima-online\/\",\"url\":\"https:\/\/ibemf.org.br\/index.php\/produto\/cpa-anbima-online\/\",\"name\":\"CPA - ANBIMA | Online | CPA 10, CPA 20 e CEA - IBEMF - Cursos Certifica\u00e7\u00f5es e Forma\u00e7\u00f5es\",\"isPartOf\":{\"@id\":\"https:\/\/ibemf.org.br\/#website\"},\"primaryImageOfPage\":{\"@id\":\"https:\/\/ibemf.org.br\/index.php\/produto\/cpa-anbima-online\/#primaryimage\"},\"image\":{\"@id\":\"https:\/\/ibemf.org.br\/index.php\/produto\/cpa-anbima-online\/#primaryimage\"},\"thumbnailUrl\":\"https:\/\/ibemf.org.br\/wp-content\/uploads\/2025\/10\/CPA-ONLINE.jpg\",\"datePublished\":\"2025-10-15T14:54:12+00:00\",\"dateModified\":\"2026-02-26T17:51:51+00:00\",\"description\":\"Curso preparat\u00f3rio para a nova CPA ANBIMA. Aulas, simulados e suporte para garantir sua aprova\u00e7\u00e3o na certifica\u00e7\u00e3o obrigat\u00f3ria a partir de 2026.\",\"breadcrumb\":{\"@id\":\"https:\/\/ibemf.org.br\/index.php\/produto\/cpa-anbima-online\/#breadcrumb\"},\"inLanguage\":\"pt-BR\",\"potentialAction\":[{\"@type\":\"ReadAction\",\"target\":[\"https:\/\/ibemf.org.br\/index.php\/produto\/cpa-anbima-online\/\"]}]},{\"@type\":\"ImageObject\",\"inLanguage\":\"pt-BR\",\"@id\":\"https:\/\/ibemf.org.br\/index.php\/produto\/cpa-anbima-online\/#primaryimage\",\"url\":\"https:\/\/ibemf.org.br\/wp-content\/uploads\/2025\/10\/CPA-ONLINE.jpg\",\"contentUrl\":\"https:\/\/ibemf.org.br\/wp-content\/uploads\/2025\/10\/CPA-ONLINE.jpg\",\"width\":1080,\"height\":1080,\"caption\":\"CPA ONLINE\"},{\"@type\":\"BreadcrumbList\",\"@id\":\"https:\/\/ibemf.org.br\/index.php\/produto\/cpa-anbima-online\/#breadcrumb\",\"itemListElement\":[{\"@type\":\"ListItem\",\"position\":1,\"name\":\"In\u00edcio\",\"item\":\"https:\/\/ibemf.org.br\/\"},{\"@type\":\"ListItem\",\"position\":2,\"name\":\"Loja\",\"item\":\"https:\/\/ibemf.org.br\/index.php\/loja\/\"},{\"@type\":\"ListItem\",\"position\":3,\"name\":\"CPA &#8211; ANBIMA | Online | CPA 10, CPA 20 e CEA\"}]},{\"@type\":\"WebSite\",\"@id\":\"https:\/\/ibemf.org.br\/#website\",\"url\":\"https:\/\/ibemf.org.br\/\",\"name\":\"IBEMF - Cursos Certifica\u00e7\u00f5es e Forma\u00e7\u00f5es\",\"description\":\"\",\"publisher\":{\"@id\":\"https:\/\/ibemf.org.br\/#organization\"},\"potentialAction\":[{\"@type\":\"SearchAction\",\"target\":{\"@type\":\"EntryPoint\",\"urlTemplate\":\"https:\/\/ibemf.org.br\/?s={search_term_string}\"},\"query-input\":{\"@type\":\"PropertyValueSpecification\",\"valueRequired\":true,\"valueName\":\"search_term_string\"}}],\"inLanguage\":\"pt-BR\"},{\"@type\":\"Organization\",\"@id\":\"https:\/\/ibemf.org.br\/#organization\",\"name\":\"IBEMF - Cursos Certifica\u00e7\u00f5es e Forma\u00e7\u00f5es\",\"url\":\"https:\/\/ibemf.org.br\/\",\"logo\":{\"@type\":\"ImageObject\",\"inLanguage\":\"pt-BR\",\"@id\":\"https:\/\/ibemf.org.br\/#\/schema\/logo\/image\/\",\"url\":\"https:\/\/novo.ibemf.org.br\/wp-content\/uploads\/2024\/07\/logo_ibemfxselo.png\",\"contentUrl\":\"https:\/\/novo.ibemf.org.br\/wp-content\/uploads\/2024\/07\/logo_ibemfxselo.png\",\"width\":200,\"height\":199,\"caption\":\"IBEMF - Cursos Certifica\u00e7\u00f5es e Forma\u00e7\u00f5es\"},\"image\":{\"@id\":\"https:\/\/ibemf.org.br\/#\/schema\/logo\/image\/\"},\"sameAs\":[\"https:\/\/www.facebook.com\/ibemfrj\",\"https:\/\/www.instagram.com\/ibemf.investeduc?utm_source=ig_web_button_share_sheet&igsh=ZDNlZDc0MzIxNw\",\"https:\/\/www.linkedin.com\/in\/ibemf-instituto-brasileiro-de-estudos-para-o-mercado-financeiro-26430220b\/\"]}]}<\/script>\n<!-- \/ Yoast SEO Premium plugin. -->","yoast_head_json":{"title":"CPA - ANBIMA | Online | CPA 10, CPA 20 e CEA - IBEMF - Cursos Certifica\u00e7\u00f5es e Forma\u00e7\u00f5es","description":"Curso preparat\u00f3rio para a nova CPA ANBIMA. Aulas, simulados e suporte para garantir sua aprova\u00e7\u00e3o na certifica\u00e7\u00e3o obrigat\u00f3ria a partir de 2026.","robots":{"index":"index","follow":"follow","max-snippet":"max-snippet:-1","max-image-preview":"max-image-preview:large","max-video-preview":"max-video-preview:-1"},"canonical":"https:\/\/ibemf.org.br\/index.php\/produto\/cpa-anbima-online\/","og_locale":"pt_BR","og_type":"article","og_title":"CPA - ANBIMA | Online | CPA 10, CPA 20 e CEA","og_description":"Curso preparat\u00f3rio para a nova CPA ANBIMA. Aulas, simulados e suporte para garantir sua aprova\u00e7\u00e3o na certifica\u00e7\u00e3o obrigat\u00f3ria a partir de 2026.","og_url":"https:\/\/ibemf.org.br\/index.php\/produto\/cpa-anbima-online\/","og_site_name":"IBEMF - Cursos Certifica\u00e7\u00f5es e Forma\u00e7\u00f5es","article_publisher":"https:\/\/www.facebook.com\/ibemfrj","article_modified_time":"2026-02-26T17:51:51+00:00","og_image":[{"width":1080,"height":1080,"url":"https:\/\/ibemf.org.br\/wp-content\/uploads\/2025\/10\/CPA-ONLINE.jpg","type":"image\/jpeg"}],"twitter_card":"summary_large_image","twitter_misc":{"Est. tempo de leitura":"4 minutos"},"schema":{"@context":"https:\/\/schema.org","@graph":[{"@type":"WebPage","@id":"https:\/\/ibemf.org.br\/index.php\/produto\/cpa-anbima-online\/","url":"https:\/\/ibemf.org.br\/index.php\/produto\/cpa-anbima-online\/","name":"CPA - ANBIMA | Online | CPA 10, CPA 20 e CEA - IBEMF - Cursos Certifica\u00e7\u00f5es e Forma\u00e7\u00f5es","isPartOf":{"@id":"https:\/\/ibemf.org.br\/#website"},"primaryImageOfPage":{"@id":"https:\/\/ibemf.org.br\/index.php\/produto\/cpa-anbima-online\/#primaryimage"},"image":{"@id":"https:\/\/ibemf.org.br\/index.php\/produto\/cpa-anbima-online\/#primaryimage"},"thumbnailUrl":"https:\/\/ibemf.org.br\/wp-content\/uploads\/2025\/10\/CPA-ONLINE.jpg","datePublished":"2025-10-15T14:54:12+00:00","dateModified":"2026-02-26T17:51:51+00:00","description":"Curso preparat\u00f3rio para a nova CPA ANBIMA. Aulas, simulados e suporte para garantir sua aprova\u00e7\u00e3o na certifica\u00e7\u00e3o obrigat\u00f3ria a partir de 2026.","breadcrumb":{"@id":"https:\/\/ibemf.org.br\/index.php\/produto\/cpa-anbima-online\/#breadcrumb"},"inLanguage":"pt-BR","potentialAction":[{"@type":"ReadAction","target":["https:\/\/ibemf.org.br\/index.php\/produto\/cpa-anbima-online\/"]}]},{"@type":"ImageObject","inLanguage":"pt-BR","@id":"https:\/\/ibemf.org.br\/index.php\/produto\/cpa-anbima-online\/#primaryimage","url":"https:\/\/ibemf.org.br\/wp-content\/uploads\/2025\/10\/CPA-ONLINE.jpg","contentUrl":"https:\/\/ibemf.org.br\/wp-content\/uploads\/2025\/10\/CPA-ONLINE.jpg","width":1080,"height":1080,"caption":"CPA ONLINE"},{"@type":"BreadcrumbList","@id":"https:\/\/ibemf.org.br\/index.php\/produto\/cpa-anbima-online\/#breadcrumb","itemListElement":[{"@type":"ListItem","position":1,"name":"In\u00edcio","item":"https:\/\/ibemf.org.br\/"},{"@type":"ListItem","position":2,"name":"Loja","item":"https:\/\/ibemf.org.br\/index.php\/loja\/"},{"@type":"ListItem","position":3,"name":"CPA &#8211; ANBIMA | Online | CPA 10, CPA 20 e CEA"}]},{"@type":"WebSite","@id":"https:\/\/ibemf.org.br\/#website","url":"https:\/\/ibemf.org.br\/","name":"IBEMF - Cursos Certifica\u00e7\u00f5es e Forma\u00e7\u00f5es","description":"","publisher":{"@id":"https:\/\/ibemf.org.br\/#organization"},"potentialAction":[{"@type":"SearchAction","target":{"@type":"EntryPoint","urlTemplate":"https:\/\/ibemf.org.br\/?s={search_term_string}"},"query-input":{"@type":"PropertyValueSpecification","valueRequired":true,"valueName":"search_term_string"}}],"inLanguage":"pt-BR"},{"@type":"Organization","@id":"https:\/\/ibemf.org.br\/#organization","name":"IBEMF - Cursos Certifica\u00e7\u00f5es e Forma\u00e7\u00f5es","url":"https:\/\/ibemf.org.br\/","logo":{"@type":"ImageObject","inLanguage":"pt-BR","@id":"https:\/\/ibemf.org.br\/#\/schema\/logo\/image\/","url":"https:\/\/novo.ibemf.org.br\/wp-content\/uploads\/2024\/07\/logo_ibemfxselo.png","contentUrl":"https:\/\/novo.ibemf.org.br\/wp-content\/uploads\/2024\/07\/logo_ibemfxselo.png","width":200,"height":199,"caption":"IBEMF - Cursos Certifica\u00e7\u00f5es e Forma\u00e7\u00f5es"},"image":{"@id":"https:\/\/ibemf.org.br\/#\/schema\/logo\/image\/"},"sameAs":["https:\/\/www.facebook.com\/ibemfrj","https:\/\/www.instagram.com\/ibemf.investeduc?utm_source=ig_web_button_share_sheet&igsh=ZDNlZDc0MzIxNw","https:\/\/www.linkedin.com\/in\/ibemf-instituto-brasileiro-de-estudos-para-o-mercado-financeiro-26430220b\/"]}]}},"_links":{"self":[{"href":"https:\/\/ibemf.org.br\/index.php\/wp-json\/wp\/v2\/product\/1530","targetHints":{"allow":["GET"]}}],"collection":[{"href":"https:\/\/ibemf.org.br\/index.php\/wp-json\/wp\/v2\/product"}],"about":[{"href":"https:\/\/ibemf.org.br\/index.php\/wp-json\/wp\/v2\/types\/product"}],"replies":[{"embeddable":true,"href":"https:\/\/ibemf.org.br\/index.php\/wp-json\/wp\/v2\/comments?post=1530"}],"wp:featuredmedia":[{"embeddable":true,"href":"https:\/\/ibemf.org.br\/index.php\/wp-json\/wp\/v2\/media\/1522"}],"wp:attachment":[{"href":"https:\/\/ibemf.org.br\/index.php\/wp-json\/wp\/v2\/media?parent=1530"}],"wp:term":[{"taxonomy":"product_brand","embeddable":true,"href":"https:\/\/ibemf.org.br\/index.php\/wp-json\/wp\/v2\/product_brand?post=1530"},{"taxonomy":"product_cat","embeddable":true,"href":"https:\/\/ibemf.org.br\/index.php\/wp-json\/wp\/v2\/product_cat?post=1530"},{"taxonomy":"product_tag","embeddable":true,"href":"https:\/\/ibemf.org.br\/index.php\/wp-json\/wp\/v2\/product_tag?post=1530"}],"curies":[{"name":"wp","href":"https:\/\/api.w.org\/{rel}","templated":true}]}}