{"id":1532,"date":"2025-10-15T12:00:58","date_gmt":"2025-10-15T15:00:58","guid":{"rendered":"https:\/\/ibemf.org.br\/?post_type=product&#038;p=1532"},"modified":"2026-02-26T14:53:49","modified_gmt":"2026-02-26T17:53:49","slug":"c-pro-i-anbima-online","status":"publish","type":"product","link":"https:\/\/ibemf.org.br\/index.php\/produto\/c-pro-i-anbima-online\/","title":{"rendered":"C-Pro I &#8211; ANBIMA &#8211; Online"},"content":{"rendered":"<h2 data-start=\"295\" data-end=\"377\">Certifica\u00e7\u00e3o C-Pro I \u2013 Certificado Profissional ANBIMA de Investimento (Online)<\/h2>\n<h3 data-start=\"379\" data-end=\"411\">Sobre a Certifica\u00e7\u00e3o C-Pro I<\/h3>\n<p data-start=\"413\" data-end=\"713\">A C-Pro I \u00e9 a certifica\u00e7\u00e3o voltada para profissionais com perfil mais t\u00e9cnico, que precisam de um entendimento aprofundado sobre a estrutura e o funcionamento dos produtos de investimento. Nesse contexto, ela \u00e9 indicada para quem atua diretamente na an\u00e1lise, estrutura\u00e7\u00e3o e recomenda\u00e7\u00e3o de carteiras.<\/p>\n<p data-start=\"715\" data-end=\"1034\">Al\u00e9m disso, a C-Pro I \u00e9 considerada uma certifica\u00e7\u00e3o de n\u00edvel intermedi\u00e1rio a avan\u00e7ado dentro da nova trilha da ANBIMA. Por esse motivo, a certifica\u00e7\u00e3o CPA (Certificado Profissional ANBIMA) \u00e9 um pr\u00e9-requisito obrigat\u00f3rio. O foco principal da C-Pro I est\u00e1 na orienta\u00e7\u00e3o t\u00e9cnica e na elabora\u00e7\u00e3o de carteiras recomendadas.<\/p>\n<p data-start=\"1036\" data-end=\"1218\">De forma geral, essa certifica\u00e7\u00e3o substitui a antiga CEA. Da mesma forma, ela integra a nova trilha de certifica\u00e7\u00f5es que substitui a CPA-10, CPA-20 e CEA a partir de janeiro de 2026.<\/p>\n<hr data-start=\"1220\" data-end=\"1223\" \/>\n<h3 data-start=\"1225\" data-end=\"1266\">Vis\u00e3o T\u00e9cnica do Profissional C-Pro I<\/h3>\n<p data-start=\"1268\" data-end=\"1428\">O profissional certificado com a C-Pro I deve desenvolver uma vis\u00e3o t\u00e9cnica detalhada para atuar com seguran\u00e7a e precis\u00e3o. Na pr\u00e1tica, ele precisa ser capaz de:<\/p>\n<ul data-start=\"1430\" data-end=\"1882\">\n<li data-start=\"1430\" data-end=\"1601\">\n<p data-start=\"1432\" data-end=\"1601\">Compreender profundamente a natureza, os riscos e a tributa\u00e7\u00e3o das principais classes de ativos, como Renda Fixa, Fundos de Investimento, Renda Vari\u00e1vel e Derivativos.<\/p>\n<\/li>\n<li data-start=\"1602\" data-end=\"1719\">\n<p data-start=\"1604\" data-end=\"1719\">Estruturar e justificar carteiras de investimento, considerando o perfil do investidor e seus objetivos de risco.<\/p>\n<\/li>\n<li data-start=\"1720\" data-end=\"1882\">\n<p data-start=\"1722\" data-end=\"1882\">Assessorar tecnicamente gerentes de conta e profissionais de distribui\u00e7\u00e3o certificados (CPA e C-Pro R), especialmente em temas t\u00e9cnicos relacionados a produtos.<\/p>\n<\/li>\n<\/ul>\n<hr data-start=\"1884\" data-end=\"1887\" \/>\n<h3 data-start=\"1889\" data-end=\"1927\">Objetivo Principal da Certifica\u00e7\u00e3o<\/h3>\n<p data-start=\"1929\" data-end=\"2228\">O principal objetivo da certifica\u00e7\u00e3o C-Pro I (Certificado Profissional ANBIMA de Investimento) \u00e9 validar a compet\u00eancia t\u00e9cnica avan\u00e7ada do profissional. Dessa forma, ele estar\u00e1 apto a atuar como especialista em produtos de investimento, com foco na elabora\u00e7\u00e3o e orienta\u00e7\u00e3o de carteiras recomendadas.<\/p>\n<hr data-start=\"2230\" data-end=\"2233\" \/>\n<h3 data-start=\"2235\" data-end=\"2278\">Atividades e Compet\u00eancias Desenvolvidas<\/h3>\n<p data-start=\"2280\" data-end=\"2478\">O profissional com a C-Pro I desempenha um papel estrat\u00e9gico como especialista t\u00e9cnico. Assim, ele fornece a base anal\u00edtica necess\u00e1ria para recomenda\u00e7\u00f5es de investimento s\u00f3lidas e bem fundamentadas.<\/p>\n<p data-start=\"2480\" data-end=\"2540\">Entre as principais compet\u00eancias desenvolvidas, destacam-se:<\/p>\n<ul data-start=\"2542\" data-end=\"3297\">\n<li data-start=\"2542\" data-end=\"2709\">\n<p data-start=\"2544\" data-end=\"2709\"><strong data-start=\"2544\" data-end=\"2585\">Elabora\u00e7\u00e3o de Carteiras Recomendadas:<\/strong> Estrutura\u00e7\u00e3o e justificativa de portf\u00f3lios, considerando perfil de risco, objetivos do cliente e exig\u00eancias regulat\u00f3rias.<\/p>\n<\/li>\n<li data-start=\"2710\" data-end=\"2909\">\n<p data-start=\"2712\" data-end=\"2909\"><strong data-start=\"2712\" data-end=\"2746\">An\u00e1lise Detalhada de Produtos:<\/strong> Entendimento aprofundado das estruturas, riscos, custos e regimes tribut\u00e1rios de produtos como Renda Fixa, Renda Vari\u00e1vel, Fundos de Investimento e Derivativos.<\/p>\n<\/li>\n<li data-start=\"2910\" data-end=\"3065\">\n<p data-start=\"2912\" data-end=\"3065\"><strong data-start=\"2912\" data-end=\"2948\">Orienta\u00e7\u00e3o e Assessoria T\u00e9cnica:<\/strong> Suporte t\u00e9cnico a profissionais certificados CPA e C-Pro R, garantindo qualidade e conformidade nas recomenda\u00e7\u00f5es.<\/p>\n<\/li>\n<li data-start=\"3066\" data-end=\"3182\">\n<p data-start=\"3068\" data-end=\"3182\"><strong data-start=\"3068\" data-end=\"3094\">Comunica\u00e7\u00e3o Anal\u00edtica:<\/strong> Apresenta\u00e7\u00e3o clara, objetiva e t\u00e9cnica das informa\u00e7\u00f5es, apoiando a tomada de decis\u00e3o.<\/p>\n<\/li>\n<li data-start=\"3183\" data-end=\"3297\">\n<p data-start=\"3185\" data-end=\"3297\"><strong data-start=\"3185\" data-end=\"3220\">Desenvolvimento de Hard Skills:<\/strong> Consolida\u00e7\u00e3o de compet\u00eancias t\u00e9cnicas avan\u00e7adas em finan\u00e7as e investimentos.<\/p>\n<\/li>\n<\/ul>\n<hr data-start=\"3299\" data-end=\"3302\" \/>\n<h3 data-start=\"3304\" data-end=\"3337\">Fundamentos T\u00e9cnicos Exigidos<\/h3>\n<p data-start=\"3339\" data-end=\"3471\">Para atuar com excel\u00eancia, o profissional precisa dominar conceitos essenciais de finan\u00e7as e investimentos. Entre eles, destacam-se:<\/p>\n<ul data-start=\"3473\" data-end=\"3859\">\n<li data-start=\"3473\" data-end=\"3611\">\n<p data-start=\"3475\" data-end=\"3611\"><strong data-start=\"3475\" data-end=\"3506\">Modelos de Risco e Retorno:<\/strong> Uso de m\u00e9tricas como \u00cdndice Sharpe e Tracking Error, al\u00e9m da aplica\u00e7\u00e3o da Teoria Moderna do Portf\u00f3lio.<\/p>\n<\/li>\n<li data-start=\"3612\" data-end=\"3762\">\n<p data-start=\"3614\" data-end=\"3762\"><strong data-start=\"3614\" data-end=\"3645\">Regulamenta\u00e7\u00e3o de Produtos:<\/strong> Conhecimento das normas da CVM e da ANBIMA, incluindo a CVM 175, bem como regras para t\u00edtulos p\u00fablicos e privados.<\/p>\n<\/li>\n<li data-start=\"3763\" data-end=\"3859\">\n<p data-start=\"3765\" data-end=\"3859\"><strong data-start=\"3765\" data-end=\"3789\">Tributa\u00e7\u00e3o Complexa:<\/strong> An\u00e1lise dos impactos fiscais sobre a rentabilidade dos investimentos.<\/p>\n<\/li>\n<\/ul>\n<p data-start=\"3861\" data-end=\"4016\">Nesse sentido, a C-Pro I \u00e9 indicada para quem deseja atuar como especialista t\u00e9cnico em produtos e aloca\u00e7\u00e3o de recursos dentro de institui\u00e7\u00f5es financeiras.<\/p>\n<hr data-start=\"4018\" data-end=\"4021\" \/>\n<h3 data-start=\"4023\" data-end=\"4039\">P\u00fablico-Alvo<\/h3>\n<p data-start=\"4041\" data-end=\"4172\">A certifica\u00e7\u00e3o C-Pro I \u00e9 ideal para profissionais que atuam ou desejam atuar na recomenda\u00e7\u00e3o e estrutura\u00e7\u00e3o de investimentos, como:<\/p>\n<ul data-start=\"4174\" data-end=\"4360\">\n<li data-start=\"4174\" data-end=\"4242\">\n<p data-start=\"4176\" data-end=\"4242\">Gerentes de conta que necessitam de dom\u00ednio t\u00e9cnico aprofundado;<\/p>\n<\/li>\n<li data-start=\"4243\" data-end=\"4274\">\n<p data-start=\"4245\" data-end=\"4274\">Assessores de Investimento;<\/p>\n<\/li>\n<li data-start=\"4275\" data-end=\"4360\">\n<p data-start=\"4277\" data-end=\"4360\">Profissionais respons\u00e1veis pela elabora\u00e7\u00e3o de estrat\u00e9gias e carteiras recomendadas.<\/p>\n<\/li>\n<\/ul>\n<p data-start=\"4362\" data-end=\"4432\">\u27a1\ufe0f <strong data-start=\"4365\" data-end=\"4380\">Importante:<\/strong> \u00e9 requisito obrigat\u00f3rio possuir a certifica\u00e7\u00e3o CPA.<\/p>\n<hr data-start=\"4434\" data-end=\"4437\" \/>\n<h3 data-start=\"4439\" data-end=\"4475\">Conte\u00fado Program\u00e1tico da C-Pro I<\/h3>\n<p data-start=\"4477\" data-end=\"4677\">O conte\u00fado da certifica\u00e7\u00e3o C-Pro I \u00e9 altamente t\u00e9cnico e anal\u00edtico. Por isso, o foco est\u00e1 na aplica\u00e7\u00e3o pr\u00e1tica dos conhecimentos e na especializa\u00e7\u00e3o em produtos de investimento e gest\u00e3o de portf\u00f3lios.<\/p>\n<p data-start=\"4679\" data-end=\"4725\">O programa \u00e9 dividido em quatro grandes \u00e1reas:<\/p>\n<h4 data-start=\"4727\" data-end=\"4797\">1. Produtos de Investimento: Estrutura, Riscos e Regulamenta\u00e7\u00e3o<\/h4>\n<p data-start=\"4798\" data-end=\"4958\">Fundos de Investimento (\u00eanfase na CVM 175), Renda Fixa, Renda Vari\u00e1vel, Produtos Estruturados e Derivativos, com foco em riscos, funcionamento e regulamenta\u00e7\u00e3o.<\/p>\n<h4 data-start=\"4960\" data-end=\"5012\">2. Gest\u00e3o de Portf\u00f3lio e An\u00e1lise Quantitativa<\/h4>\n<p data-start=\"5013\" data-end=\"5147\">Aplica\u00e7\u00e3o da Teoria Moderna do Portf\u00f3lio, CAPM, Fronteira Eficiente e an\u00e1lise de indicadores como Sharpe, Alpha, Beta e Desvio Padr\u00e3o.<\/p>\n<h4 data-start=\"5149\" data-end=\"5189\">3. Aspectos Fiscais e Tribut\u00e1rios<\/h4>\n<p data-start=\"5190\" data-end=\"5298\">Regras de IR e IOF, regimes de previd\u00eancia complementar (PGBL e VGBL) e tributa\u00e7\u00e3o de produtos estruturados.<\/p>\n<h4 data-start=\"5300\" data-end=\"5345\">4. Regulamenta\u00e7\u00e3o, \u00c9tica e Suitability<\/h4>\n<p data-start=\"5346\" data-end=\"5444\">Aplica\u00e7\u00e3o correta do Suitability, regras de conduta, compliance e preven\u00e7\u00e3o \u00e0 lavagem de dinheiro.<\/p>\n<p data-start=\"5446\" data-end=\"5590\">Al\u00e9m disso, o exame da C-Pro I se diferencia pela presen\u00e7a de estudos de caso e quest\u00f5es contextualizadas, que exigem an\u00e1lise t\u00e9cnica integrada.<\/p>\n<hr data-start=\"5592\" data-end=\"5595\" \/>\n<h3 data-start=\"5597\" data-end=\"5650\">Formato do Curso Preparat\u00f3rio \u2013 Modalidade Online<\/h3>\n<p data-start=\"5652\" data-end=\"5729\">Sobre o curso preparat\u00f3rio online para a Certifica\u00e7\u00e3o C-Pro I (Investimento):<\/p>\n<ul data-start=\"5731\" data-end=\"5794\">\n<li data-start=\"5731\" data-end=\"5762\">\n<p data-start=\"5733\" data-end=\"5762\"><strong data-start=\"5733\" data-end=\"5751\">Carga Hor\u00e1ria:<\/strong> 24 horas<\/p>\n<\/li>\n<li data-start=\"5763\" data-end=\"5794\">\n<p data-start=\"5765\" data-end=\"5794\"><strong data-start=\"5765\" data-end=\"5780\">Modalidade:<\/strong> 100% Online<\/p>\n<\/li>\n<\/ul>\n<p data-start=\"5796\" data-end=\"5818\"><strong data-start=\"5796\" data-end=\"5818\">Recursos inclusos:<\/strong><\/p>\n<ul data-start=\"5819\" data-end=\"6072\">\n<li data-start=\"5819\" data-end=\"5922\">\n<p data-start=\"5821\" data-end=\"5922\">Acesso \u00e0 plataforma de estudos por 120 dias, com aulas gravadas para assistir quando e onde quiser;<\/p>\n<\/li>\n<li data-start=\"5923\" data-end=\"5962\">\n<p data-start=\"5925\" data-end=\"5962\">Grupo exclusivo para tirar d\u00favidas;<\/p>\n<\/li>\n<li data-start=\"5963\" data-end=\"5992\">\n<p data-start=\"5965\" data-end=\"5992\">Apostila completa em PDF;<\/p>\n<\/li>\n<li data-start=\"5993\" data-end=\"6072\">\n<p data-start=\"5995\" data-end=\"6072\">Simulados e exerc\u00edcios dispon\u00edveis na plataforma para refor\u00e7o do aprendizado<\/p>\n<\/li>\n<\/ul>\n","protected":false},"excerpt":{"rendered":"<p>Certifica\u00e7\u00e3o C-Pro I \u2013 Certificado Profissional ANBIMA de Investimento (Online) Sobre a Certifica\u00e7\u00e3o C-Pro I A C-Pro I \u00e9 a certifica\u00e7\u00e3o voltada para profissionais com perfil mais t\u00e9cnico, que precisam de um entendimento aprofundado sobre a estrutura e o funcionamento dos produtos de investimento. Nesse contexto, ela \u00e9 indicada para quem atua diretamente na an\u00e1lise, [&hellip;]<\/p>\n","protected":false},"featured_media":1524,"comment_status":"open","ping_status":"closed","template":"","meta":{"_joinchat":[]},"product_brand":[],"product_cat":[26,44],"product_tag":[],"class_list":{"0":"post-1532","1":"product","2":"type-product","3":"status-publish","4":"has-post-thumbnail","6":"product_cat-cursos-online","7":"product_cat-loja","9":"first","10":"outofstock","11":"taxable","12":"shipping-taxable","13":"purchasable","14":"product-type-simple"},"yoast_head":"<!-- This site is optimized with the Yoast SEO Premium plugin v26.9 (Yoast SEO v26.9) - https:\/\/yoast.com\/product\/yoast-seo-premium-wordpress\/ -->\n<title>C-Pro I - ANBIMA - Online - IBEMF - Cursos Certifica\u00e7\u00f5es e Forma\u00e7\u00f5es<\/title>\n<meta name=\"description\" content=\"Curso preparat\u00f3rio C-Pro I ANBIMA: torne-se especialista em investimentos, domine portf\u00f3lios e produtos financeiros com base t\u00e9cnica e pr\u00e1tica.\" \/>\n<meta name=\"robots\" content=\"index, follow, max-snippet:-1, max-image-preview:large, max-video-preview:-1\" \/>\n<link rel=\"canonical\" href=\"https:\/\/ibemf.org.br\/index.php\/produto\/c-pro-i-anbima-online\/\" \/>\n<meta property=\"og:locale\" content=\"pt_BR\" \/>\n<meta property=\"og:type\" content=\"article\" \/>\n<meta property=\"og:title\" content=\"C-Pro I - ANBIMA - Online\" \/>\n<meta property=\"og:description\" content=\"Curso preparat\u00f3rio C-Pro I ANBIMA: torne-se especialista em investimentos, domine portf\u00f3lios e produtos financeiros com base t\u00e9cnica e pr\u00e1tica.\" \/>\n<meta property=\"og:url\" content=\"https:\/\/ibemf.org.br\/index.php\/produto\/c-pro-i-anbima-online\/\" \/>\n<meta property=\"og:site_name\" content=\"IBEMF - Cursos Certifica\u00e7\u00f5es e Forma\u00e7\u00f5es\" \/>\n<meta property=\"article:publisher\" content=\"https:\/\/www.facebook.com\/ibemfrj\" \/>\n<meta property=\"article:modified_time\" content=\"2026-02-26T17:53:49+00:00\" \/>\n<meta property=\"og:image\" content=\"https:\/\/ibemf.org.br\/wp-content\/uploads\/2025\/10\/C-Pro-I-ONLINE.jpg\" \/>\n\t<meta property=\"og:image:width\" content=\"1080\" \/>\n\t<meta property=\"og:image:height\" content=\"1080\" \/>\n\t<meta property=\"og:image:type\" content=\"image\/jpeg\" \/>\n<meta name=\"twitter:card\" content=\"summary_large_image\" \/>\n<meta name=\"twitter:label1\" content=\"Est. tempo de leitura\" \/>\n\t<meta name=\"twitter:data1\" content=\"5 minutos\" \/>\n<script type=\"application\/ld+json\" class=\"yoast-schema-graph\">{\"@context\":\"https:\/\/schema.org\",\"@graph\":[{\"@type\":\"WebPage\",\"@id\":\"https:\/\/ibemf.org.br\/index.php\/produto\/c-pro-i-anbima-online\/\",\"url\":\"https:\/\/ibemf.org.br\/index.php\/produto\/c-pro-i-anbima-online\/\",\"name\":\"C-Pro I - ANBIMA - Online - IBEMF - Cursos Certifica\u00e7\u00f5es e Forma\u00e7\u00f5es\",\"isPartOf\":{\"@id\":\"https:\/\/ibemf.org.br\/#website\"},\"primaryImageOfPage\":{\"@id\":\"https:\/\/ibemf.org.br\/index.php\/produto\/c-pro-i-anbima-online\/#primaryimage\"},\"image\":{\"@id\":\"https:\/\/ibemf.org.br\/index.php\/produto\/c-pro-i-anbima-online\/#primaryimage\"},\"thumbnailUrl\":\"https:\/\/ibemf.org.br\/wp-content\/uploads\/2025\/10\/C-Pro-I-ONLINE.jpg\",\"datePublished\":\"2025-10-15T15:00:58+00:00\",\"dateModified\":\"2026-02-26T17:53:49+00:00\",\"description\":\"Curso preparat\u00f3rio C-Pro I ANBIMA: torne-se especialista em investimentos, domine portf\u00f3lios e produtos financeiros com base t\u00e9cnica e pr\u00e1tica.\",\"breadcrumb\":{\"@id\":\"https:\/\/ibemf.org.br\/index.php\/produto\/c-pro-i-anbima-online\/#breadcrumb\"},\"inLanguage\":\"pt-BR\",\"potentialAction\":[{\"@type\":\"ReadAction\",\"target\":[\"https:\/\/ibemf.org.br\/index.php\/produto\/c-pro-i-anbima-online\/\"]}]},{\"@type\":\"ImageObject\",\"inLanguage\":\"pt-BR\",\"@id\":\"https:\/\/ibemf.org.br\/index.php\/produto\/c-pro-i-anbima-online\/#primaryimage\",\"url\":\"https:\/\/ibemf.org.br\/wp-content\/uploads\/2025\/10\/C-Pro-I-ONLINE.jpg\",\"contentUrl\":\"https:\/\/ibemf.org.br\/wp-content\/uploads\/2025\/10\/C-Pro-I-ONLINE.jpg\",\"width\":1080,\"height\":1080,\"caption\":\"C-Pro I ONLINE\"},{\"@type\":\"BreadcrumbList\",\"@id\":\"https:\/\/ibemf.org.br\/index.php\/produto\/c-pro-i-anbima-online\/#breadcrumb\",\"itemListElement\":[{\"@type\":\"ListItem\",\"position\":1,\"name\":\"In\u00edcio\",\"item\":\"https:\/\/ibemf.org.br\/\"},{\"@type\":\"ListItem\",\"position\":2,\"name\":\"Loja\",\"item\":\"https:\/\/ibemf.org.br\/index.php\/loja\/\"},{\"@type\":\"ListItem\",\"position\":3,\"name\":\"C-Pro I &#8211; ANBIMA &#8211; Online\"}]},{\"@type\":\"WebSite\",\"@id\":\"https:\/\/ibemf.org.br\/#website\",\"url\":\"https:\/\/ibemf.org.br\/\",\"name\":\"IBEMF - Cursos Certifica\u00e7\u00f5es e Forma\u00e7\u00f5es\",\"description\":\"\",\"publisher\":{\"@id\":\"https:\/\/ibemf.org.br\/#organization\"},\"potentialAction\":[{\"@type\":\"SearchAction\",\"target\":{\"@type\":\"EntryPoint\",\"urlTemplate\":\"https:\/\/ibemf.org.br\/?s={search_term_string}\"},\"query-input\":{\"@type\":\"PropertyValueSpecification\",\"valueRequired\":true,\"valueName\":\"search_term_string\"}}],\"inLanguage\":\"pt-BR\"},{\"@type\":\"Organization\",\"@id\":\"https:\/\/ibemf.org.br\/#organization\",\"name\":\"IBEMF - Cursos Certifica\u00e7\u00f5es e Forma\u00e7\u00f5es\",\"url\":\"https:\/\/ibemf.org.br\/\",\"logo\":{\"@type\":\"ImageObject\",\"inLanguage\":\"pt-BR\",\"@id\":\"https:\/\/ibemf.org.br\/#\/schema\/logo\/image\/\",\"url\":\"https:\/\/novo.ibemf.org.br\/wp-content\/uploads\/2024\/07\/logo_ibemfxselo.png\",\"contentUrl\":\"https:\/\/novo.ibemf.org.br\/wp-content\/uploads\/2024\/07\/logo_ibemfxselo.png\",\"width\":200,\"height\":199,\"caption\":\"IBEMF - Cursos Certifica\u00e7\u00f5es e Forma\u00e7\u00f5es\"},\"image\":{\"@id\":\"https:\/\/ibemf.org.br\/#\/schema\/logo\/image\/\"},\"sameAs\":[\"https:\/\/www.facebook.com\/ibemfrj\",\"https:\/\/www.instagram.com\/ibemf.investeduc?utm_source=ig_web_button_share_sheet&igsh=ZDNlZDc0MzIxNw\",\"https:\/\/www.linkedin.com\/in\/ibemf-instituto-brasileiro-de-estudos-para-o-mercado-financeiro-26430220b\/\"]}]}<\/script>\n<!-- \/ Yoast SEO Premium plugin. -->","yoast_head_json":{"title":"C-Pro I - ANBIMA - Online - IBEMF - Cursos Certifica\u00e7\u00f5es e Forma\u00e7\u00f5es","description":"Curso preparat\u00f3rio C-Pro I ANBIMA: torne-se especialista em investimentos, domine portf\u00f3lios e produtos financeiros com base t\u00e9cnica e pr\u00e1tica.","robots":{"index":"index","follow":"follow","max-snippet":"max-snippet:-1","max-image-preview":"max-image-preview:large","max-video-preview":"max-video-preview:-1"},"canonical":"https:\/\/ibemf.org.br\/index.php\/produto\/c-pro-i-anbima-online\/","og_locale":"pt_BR","og_type":"article","og_title":"C-Pro I - ANBIMA - Online","og_description":"Curso preparat\u00f3rio C-Pro I ANBIMA: torne-se especialista em investimentos, domine portf\u00f3lios e produtos financeiros com base t\u00e9cnica e pr\u00e1tica.","og_url":"https:\/\/ibemf.org.br\/index.php\/produto\/c-pro-i-anbima-online\/","og_site_name":"IBEMF - Cursos Certifica\u00e7\u00f5es e Forma\u00e7\u00f5es","article_publisher":"https:\/\/www.facebook.com\/ibemfrj","article_modified_time":"2026-02-26T17:53:49+00:00","og_image":[{"width":1080,"height":1080,"url":"https:\/\/ibemf.org.br\/wp-content\/uploads\/2025\/10\/C-Pro-I-ONLINE.jpg","type":"image\/jpeg"}],"twitter_card":"summary_large_image","twitter_misc":{"Est. tempo de leitura":"5 minutos"},"schema":{"@context":"https:\/\/schema.org","@graph":[{"@type":"WebPage","@id":"https:\/\/ibemf.org.br\/index.php\/produto\/c-pro-i-anbima-online\/","url":"https:\/\/ibemf.org.br\/index.php\/produto\/c-pro-i-anbima-online\/","name":"C-Pro I - ANBIMA - Online - IBEMF - Cursos Certifica\u00e7\u00f5es e Forma\u00e7\u00f5es","isPartOf":{"@id":"https:\/\/ibemf.org.br\/#website"},"primaryImageOfPage":{"@id":"https:\/\/ibemf.org.br\/index.php\/produto\/c-pro-i-anbima-online\/#primaryimage"},"image":{"@id":"https:\/\/ibemf.org.br\/index.php\/produto\/c-pro-i-anbima-online\/#primaryimage"},"thumbnailUrl":"https:\/\/ibemf.org.br\/wp-content\/uploads\/2025\/10\/C-Pro-I-ONLINE.jpg","datePublished":"2025-10-15T15:00:58+00:00","dateModified":"2026-02-26T17:53:49+00:00","description":"Curso preparat\u00f3rio C-Pro I ANBIMA: torne-se especialista em investimentos, domine portf\u00f3lios e produtos financeiros com base t\u00e9cnica e pr\u00e1tica.","breadcrumb":{"@id":"https:\/\/ibemf.org.br\/index.php\/produto\/c-pro-i-anbima-online\/#breadcrumb"},"inLanguage":"pt-BR","potentialAction":[{"@type":"ReadAction","target":["https:\/\/ibemf.org.br\/index.php\/produto\/c-pro-i-anbima-online\/"]}]},{"@type":"ImageObject","inLanguage":"pt-BR","@id":"https:\/\/ibemf.org.br\/index.php\/produto\/c-pro-i-anbima-online\/#primaryimage","url":"https:\/\/ibemf.org.br\/wp-content\/uploads\/2025\/10\/C-Pro-I-ONLINE.jpg","contentUrl":"https:\/\/ibemf.org.br\/wp-content\/uploads\/2025\/10\/C-Pro-I-ONLINE.jpg","width":1080,"height":1080,"caption":"C-Pro I ONLINE"},{"@type":"BreadcrumbList","@id":"https:\/\/ibemf.org.br\/index.php\/produto\/c-pro-i-anbima-online\/#breadcrumb","itemListElement":[{"@type":"ListItem","position":1,"name":"In\u00edcio","item":"https:\/\/ibemf.org.br\/"},{"@type":"ListItem","position":2,"name":"Loja","item":"https:\/\/ibemf.org.br\/index.php\/loja\/"},{"@type":"ListItem","position":3,"name":"C-Pro I &#8211; ANBIMA &#8211; Online"}]},{"@type":"WebSite","@id":"https:\/\/ibemf.org.br\/#website","url":"https:\/\/ibemf.org.br\/","name":"IBEMF - Cursos Certifica\u00e7\u00f5es e Forma\u00e7\u00f5es","description":"","publisher":{"@id":"https:\/\/ibemf.org.br\/#organization"},"potentialAction":[{"@type":"SearchAction","target":{"@type":"EntryPoint","urlTemplate":"https:\/\/ibemf.org.br\/?s={search_term_string}"},"query-input":{"@type":"PropertyValueSpecification","valueRequired":true,"valueName":"search_term_string"}}],"inLanguage":"pt-BR"},{"@type":"Organization","@id":"https:\/\/ibemf.org.br\/#organization","name":"IBEMF - Cursos Certifica\u00e7\u00f5es e Forma\u00e7\u00f5es","url":"https:\/\/ibemf.org.br\/","logo":{"@type":"ImageObject","inLanguage":"pt-BR","@id":"https:\/\/ibemf.org.br\/#\/schema\/logo\/image\/","url":"https:\/\/novo.ibemf.org.br\/wp-content\/uploads\/2024\/07\/logo_ibemfxselo.png","contentUrl":"https:\/\/novo.ibemf.org.br\/wp-content\/uploads\/2024\/07\/logo_ibemfxselo.png","width":200,"height":199,"caption":"IBEMF - Cursos Certifica\u00e7\u00f5es e Forma\u00e7\u00f5es"},"image":{"@id":"https:\/\/ibemf.org.br\/#\/schema\/logo\/image\/"},"sameAs":["https:\/\/www.facebook.com\/ibemfrj","https:\/\/www.instagram.com\/ibemf.investeduc?utm_source=ig_web_button_share_sheet&igsh=ZDNlZDc0MzIxNw","https:\/\/www.linkedin.com\/in\/ibemf-instituto-brasileiro-de-estudos-para-o-mercado-financeiro-26430220b\/"]}]}},"_links":{"self":[{"href":"https:\/\/ibemf.org.br\/index.php\/wp-json\/wp\/v2\/product\/1532","targetHints":{"allow":["GET"]}}],"collection":[{"href":"https:\/\/ibemf.org.br\/index.php\/wp-json\/wp\/v2\/product"}],"about":[{"href":"https:\/\/ibemf.org.br\/index.php\/wp-json\/wp\/v2\/types\/product"}],"replies":[{"embeddable":true,"href":"https:\/\/ibemf.org.br\/index.php\/wp-json\/wp\/v2\/comments?post=1532"}],"wp:featuredmedia":[{"embeddable":true,"href":"https:\/\/ibemf.org.br\/index.php\/wp-json\/wp\/v2\/media\/1524"}],"wp:attachment":[{"href":"https:\/\/ibemf.org.br\/index.php\/wp-json\/wp\/v2\/media?parent=1532"}],"wp:term":[{"taxonomy":"product_brand","embeddable":true,"href":"https:\/\/ibemf.org.br\/index.php\/wp-json\/wp\/v2\/product_brand?post=1532"},{"taxonomy":"product_cat","embeddable":true,"href":"https:\/\/ibemf.org.br\/index.php\/wp-json\/wp\/v2\/product_cat?post=1532"},{"taxonomy":"product_tag","embeddable":true,"href":"https:\/\/ibemf.org.br\/index.php\/wp-json\/wp\/v2\/product_tag?post=1532"}],"curies":[{"name":"wp","href":"https:\/\/api.w.org\/{rel}","templated":true}]}}