{"id":1534,"date":"2025-10-15T12:43:42","date_gmt":"2025-10-15T15:43:42","guid":{"rendered":"https:\/\/ibemf.org.br\/?post_type=product&#038;p=1534"},"modified":"2026-01-27T10:39:40","modified_gmt":"2026-01-27T13:39:40","slug":"mentoria-em-criptoeconomia","status":"publish","type":"product","link":"https:\/\/ibemf.org.br\/index.php\/produto\/mentoria-em-criptoeconomia\/","title":{"rendered":"Mentoria em Criptoeconomia"},"content":{"rendered":"<p data-start=\"311\" data-end=\"651\">Diferente de cursos focados apenas em <em data-start=\"349\" data-end=\"358\">trading<\/em> (compra e venda), a Mentoria em Criptoeconomia <strong data-start=\"406\" data-end=\"475\">analisa os mecanismos de incentivo e a infraestrutura tecnol\u00f3gica<\/strong> que sustentam o funcionamento dos sistemas descentralizados. Dessa forma, o participante desenvolve uma vis\u00e3o mais ampla e estrat\u00e9gica sobre o ecossistema dos ativos digitais.<\/p>\n<p data-start=\"653\" data-end=\"805\">Al\u00e9m disso, o curso vai al\u00e9m da especula\u00e7\u00e3o de curto prazo. Assim, permite compreender como tecnologia, economia e dados se conectam no universo cripto.<\/p>\n<h3 data-start=\"2165\" data-end=\"2185\">Objetivo Principal:<\/h3>\n<p>Capacitar o mentorado a compreender a l\u00f3gica econ\u00f4mica e tecnol\u00f3gica por tr\u00e1s dos ativos digitais, permitindo que ele tome decis\u00f5es de investimento e governan\u00e7a de forma independente, segura e fundamentada em an\u00e1lise de dados, fugindo de especula\u00e7\u00f5es puramente emocionais.<\/p>\n<h3 data-start=\"2165\" data-end=\"2185\">P\u00fablico-alvo:<\/h3>\n<p>O p\u00fablico-alvo da mentoria \u00e9 diversificado. Ainda assim, \u00e9 poss\u00edvel segment\u00e1-lo de acordo com o n\u00edvel de conhecimento, os objetivos financeiros e o perfil profissional. Diferentemente de um curso massivo, esta mentoria <strong data-start=\"1508\" data-end=\"1559\">atrai pessoas que buscam acompanhamento pr\u00f3ximo<\/strong>, aprofundamento t\u00e9cnico e maior redu\u00e7\u00e3o de riscos.<\/p>\n<h3 data-start=\"2165\" data-end=\"2185\">Conte\u00fado abordado:<\/h3>\n<ul>\n<li>Introdu\u00e7\u00e3o e Fundamentos a Criptoeconomia;<br \/>\n\u2022 Blockchain;<br \/>\n\u2022 Bitcoins;<br \/>\n\u2022 Altcoins;<br \/>\n\u2022 Tokens;<br \/>\n\u2022 Compra e Venda de Moedas Digitais (Trading);<br \/>\n\u2022 An\u00e1lises de Mercado;<br \/>\n\u2022 Entre outras.<\/li>\n<\/ul>\n<h3 data-start=\"2165\" data-end=\"2185\">Formato do Curso<\/h3>\n<p data-start=\"2187\" data-end=\"2360\">A Mentoria em Criptoeconomia adota um formato que prioriza a intera\u00e7\u00e3o e o acompanhamento pr\u00f3ximo. Dessa forma, o participante aproveita melhor o conte\u00fado e a troca ao vivo.<\/p>\n<ul data-start=\"2362\" data-end=\"2505\">\n<li data-start=\"2362\" data-end=\"2393\">\n<p data-start=\"2364\" data-end=\"2393\"><strong data-start=\"2364\" data-end=\"2382\">Carga hor\u00e1ria:<\/strong> 20 horas<\/p>\n<\/li>\n<li data-start=\"2394\" data-end=\"2445\">\n<p data-start=\"2396\" data-end=\"2445\"><strong data-start=\"2396\" data-end=\"2411\">Modalidade:<\/strong> Ao vivo, via Zoom em tempo real<\/p>\n<\/li>\n<li data-start=\"2446\" data-end=\"2505\">\n<p data-start=\"2448\" data-end=\"2505\"><strong data-start=\"2448\" data-end=\"2474\">Valor do investimento:<\/strong> R$ 4.997,00 (at\u00e9 6x sem juros)<\/p>\n<\/li>\n<\/ul>\n","protected":false},"excerpt":{"rendered":"<p>Diferente de cursos focados apenas em trading (compra e venda), a Mentoria em Criptoeconomia analisa os mecanismos de incentivo e a infraestrutura tecnol\u00f3gica que sustentam o funcionamento dos sistemas descentralizados. Dessa forma, o participante desenvolve uma vis\u00e3o mais ampla e estrat\u00e9gica sobre o ecossistema dos ativos digitais. Al\u00e9m disso, o curso vai al\u00e9m da especula\u00e7\u00e3o [&hellip;]<\/p>\n","protected":false},"featured_media":1535,"comment_status":"open","ping_status":"closed","template":"","meta":{"_joinchat":[]},"product_brand":[],"product_cat":[26,44],"product_tag":[],"class_list":{"0":"post-1534","1":"product","2":"type-product","3":"status-publish","4":"has-post-thumbnail","6":"product_cat-cursos-online","7":"product_cat-loja","9":"first","10":"outofstock","11":"taxable","12":"shipping-taxable","13":"product-type-simple"},"yoast_head":"<!-- This site is optimized with the Yoast SEO Premium plugin v26.9 (Yoast SEO v26.9) - https:\/\/yoast.com\/product\/yoast-seo-premium-wordpress\/ -->\n<title>Mentoria em Criptoeconomia - IBEMF - Cursos Certifica\u00e7\u00f5es e Forma\u00e7\u00f5es<\/title>\n<meta name=\"description\" content=\"Mentoria em Criptoeconomia focada na l\u00f3gica dos ativos digitais, infraestrutura blockchain e decis\u00f5es de investimento baseadas em dados.\" \/>\n<meta name=\"robots\" content=\"index, follow, max-snippet:-1, max-image-preview:large, max-video-preview:-1\" \/>\n<link rel=\"canonical\" href=\"https:\/\/ibemf.org.br\/index.php\/produto\/mentoria-em-criptoeconomia\/\" \/>\n<meta property=\"og:locale\" content=\"pt_BR\" \/>\n<meta property=\"og:type\" content=\"article\" \/>\n<meta property=\"og:title\" content=\"Mentoria em Criptoeconomia\" \/>\n<meta property=\"og:description\" content=\"Mentoria em Criptoeconomia focada na l\u00f3gica dos ativos digitais, infraestrutura blockchain e decis\u00f5es de investimento baseadas em dados.\" \/>\n<meta property=\"og:url\" content=\"https:\/\/ibemf.org.br\/index.php\/produto\/mentoria-em-criptoeconomia\/\" \/>\n<meta property=\"og:site_name\" content=\"IBEMF - Cursos Certifica\u00e7\u00f5es e Forma\u00e7\u00f5es\" \/>\n<meta property=\"article:publisher\" content=\"https:\/\/www.facebook.com\/ibemfrj\" \/>\n<meta property=\"article:modified_time\" content=\"2026-01-27T13:39:40+00:00\" \/>\n<meta property=\"og:image\" content=\"https:\/\/ibemf.org.br\/wp-content\/uploads\/2025\/10\/Mentoria-Em-Criptoeconomia.jpg\" \/>\n\t<meta property=\"og:image:width\" content=\"1080\" \/>\n\t<meta property=\"og:image:height\" content=\"1080\" \/>\n\t<meta property=\"og:image:type\" content=\"image\/jpeg\" \/>\n<meta name=\"twitter:card\" content=\"summary_large_image\" \/>\n<meta name=\"twitter:label1\" content=\"Est. tempo de leitura\" \/>\n\t<meta name=\"twitter:data1\" content=\"2 minutos\" \/>\n<script type=\"application\/ld+json\" class=\"yoast-schema-graph\">{\"@context\":\"https:\/\/schema.org\",\"@graph\":[{\"@type\":\"WebPage\",\"@id\":\"https:\/\/ibemf.org.br\/index.php\/produto\/mentoria-em-criptoeconomia\/\",\"url\":\"https:\/\/ibemf.org.br\/index.php\/produto\/mentoria-em-criptoeconomia\/\",\"name\":\"Mentoria em Criptoeconomia - IBEMF - Cursos Certifica\u00e7\u00f5es e Forma\u00e7\u00f5es\",\"isPartOf\":{\"@id\":\"https:\/\/ibemf.org.br\/#website\"},\"primaryImageOfPage\":{\"@id\":\"https:\/\/ibemf.org.br\/index.php\/produto\/mentoria-em-criptoeconomia\/#primaryimage\"},\"image\":{\"@id\":\"https:\/\/ibemf.org.br\/index.php\/produto\/mentoria-em-criptoeconomia\/#primaryimage\"},\"thumbnailUrl\":\"https:\/\/ibemf.org.br\/wp-content\/uploads\/2025\/10\/Mentoria-Em-Criptoeconomia.jpg\",\"datePublished\":\"2025-10-15T15:43:42+00:00\",\"dateModified\":\"2026-01-27T13:39:40+00:00\",\"description\":\"Mentoria em Criptoeconomia focada na l\u00f3gica dos ativos digitais, infraestrutura blockchain e decis\u00f5es de investimento baseadas em dados.\",\"breadcrumb\":{\"@id\":\"https:\/\/ibemf.org.br\/index.php\/produto\/mentoria-em-criptoeconomia\/#breadcrumb\"},\"inLanguage\":\"pt-BR\",\"potentialAction\":[{\"@type\":\"ReadAction\",\"target\":[\"https:\/\/ibemf.org.br\/index.php\/produto\/mentoria-em-criptoeconomia\/\"]}]},{\"@type\":\"ImageObject\",\"inLanguage\":\"pt-BR\",\"@id\":\"https:\/\/ibemf.org.br\/index.php\/produto\/mentoria-em-criptoeconomia\/#primaryimage\",\"url\":\"https:\/\/ibemf.org.br\/wp-content\/uploads\/2025\/10\/Mentoria-Em-Criptoeconomia.jpg\",\"contentUrl\":\"https:\/\/ibemf.org.br\/wp-content\/uploads\/2025\/10\/Mentoria-Em-Criptoeconomia.jpg\",\"width\":1080,\"height\":1080,\"caption\":\"Mentoria Em Criptoeconomia\"},{\"@type\":\"BreadcrumbList\",\"@id\":\"https:\/\/ibemf.org.br\/index.php\/produto\/mentoria-em-criptoeconomia\/#breadcrumb\",\"itemListElement\":[{\"@type\":\"ListItem\",\"position\":1,\"name\":\"In\u00edcio\",\"item\":\"https:\/\/ibemf.org.br\/\"},{\"@type\":\"ListItem\",\"position\":2,\"name\":\"Loja\",\"item\":\"https:\/\/ibemf.org.br\/index.php\/loja\/\"},{\"@type\":\"ListItem\",\"position\":3,\"name\":\"Mentoria em Criptoeconomia\"}]},{\"@type\":\"WebSite\",\"@id\":\"https:\/\/ibemf.org.br\/#website\",\"url\":\"https:\/\/ibemf.org.br\/\",\"name\":\"IBEMF - Cursos Certifica\u00e7\u00f5es e Forma\u00e7\u00f5es\",\"description\":\"\",\"publisher\":{\"@id\":\"https:\/\/ibemf.org.br\/#organization\"},\"potentialAction\":[{\"@type\":\"SearchAction\",\"target\":{\"@type\":\"EntryPoint\",\"urlTemplate\":\"https:\/\/ibemf.org.br\/?s={search_term_string}\"},\"query-input\":{\"@type\":\"PropertyValueSpecification\",\"valueRequired\":true,\"valueName\":\"search_term_string\"}}],\"inLanguage\":\"pt-BR\"},{\"@type\":\"Organization\",\"@id\":\"https:\/\/ibemf.org.br\/#organization\",\"name\":\"IBEMF - Cursos Certifica\u00e7\u00f5es e Forma\u00e7\u00f5es\",\"url\":\"https:\/\/ibemf.org.br\/\",\"logo\":{\"@type\":\"ImageObject\",\"inLanguage\":\"pt-BR\",\"@id\":\"https:\/\/ibemf.org.br\/#\/schema\/logo\/image\/\",\"url\":\"https:\/\/novo.ibemf.org.br\/wp-content\/uploads\/2024\/07\/logo_ibemfxselo.png\",\"contentUrl\":\"https:\/\/novo.ibemf.org.br\/wp-content\/uploads\/2024\/07\/logo_ibemfxselo.png\",\"width\":200,\"height\":199,\"caption\":\"IBEMF - Cursos Certifica\u00e7\u00f5es e Forma\u00e7\u00f5es\"},\"image\":{\"@id\":\"https:\/\/ibemf.org.br\/#\/schema\/logo\/image\/\"},\"sameAs\":[\"https:\/\/www.facebook.com\/ibemfrj\",\"https:\/\/www.instagram.com\/ibemf.investeduc?utm_source=ig_web_button_share_sheet&igsh=ZDNlZDc0MzIxNw\",\"https:\/\/www.linkedin.com\/in\/ibemf-instituto-brasileiro-de-estudos-para-o-mercado-financeiro-26430220b\/\"]}]}<\/script>\n<!-- \/ Yoast SEO Premium plugin. -->","yoast_head_json":{"title":"Mentoria em Criptoeconomia - IBEMF - Cursos Certifica\u00e7\u00f5es e Forma\u00e7\u00f5es","description":"Mentoria em Criptoeconomia focada na l\u00f3gica dos ativos digitais, infraestrutura blockchain e decis\u00f5es de investimento baseadas em dados.","robots":{"index":"index","follow":"follow","max-snippet":"max-snippet:-1","max-image-preview":"max-image-preview:large","max-video-preview":"max-video-preview:-1"},"canonical":"https:\/\/ibemf.org.br\/index.php\/produto\/mentoria-em-criptoeconomia\/","og_locale":"pt_BR","og_type":"article","og_title":"Mentoria em Criptoeconomia","og_description":"Mentoria em Criptoeconomia focada na l\u00f3gica dos ativos digitais, infraestrutura blockchain e decis\u00f5es de investimento baseadas em dados.","og_url":"https:\/\/ibemf.org.br\/index.php\/produto\/mentoria-em-criptoeconomia\/","og_site_name":"IBEMF - Cursos Certifica\u00e7\u00f5es e Forma\u00e7\u00f5es","article_publisher":"https:\/\/www.facebook.com\/ibemfrj","article_modified_time":"2026-01-27T13:39:40+00:00","og_image":[{"width":1080,"height":1080,"url":"https:\/\/ibemf.org.br\/wp-content\/uploads\/2025\/10\/Mentoria-Em-Criptoeconomia.jpg","type":"image\/jpeg"}],"twitter_card":"summary_large_image","twitter_misc":{"Est. tempo de leitura":"2 minutos"},"schema":{"@context":"https:\/\/schema.org","@graph":[{"@type":"WebPage","@id":"https:\/\/ibemf.org.br\/index.php\/produto\/mentoria-em-criptoeconomia\/","url":"https:\/\/ibemf.org.br\/index.php\/produto\/mentoria-em-criptoeconomia\/","name":"Mentoria em Criptoeconomia - IBEMF - Cursos Certifica\u00e7\u00f5es e Forma\u00e7\u00f5es","isPartOf":{"@id":"https:\/\/ibemf.org.br\/#website"},"primaryImageOfPage":{"@id":"https:\/\/ibemf.org.br\/index.php\/produto\/mentoria-em-criptoeconomia\/#primaryimage"},"image":{"@id":"https:\/\/ibemf.org.br\/index.php\/produto\/mentoria-em-criptoeconomia\/#primaryimage"},"thumbnailUrl":"https:\/\/ibemf.org.br\/wp-content\/uploads\/2025\/10\/Mentoria-Em-Criptoeconomia.jpg","datePublished":"2025-10-15T15:43:42+00:00","dateModified":"2026-01-27T13:39:40+00:00","description":"Mentoria em Criptoeconomia focada na l\u00f3gica dos ativos digitais, infraestrutura blockchain e decis\u00f5es de investimento baseadas em dados.","breadcrumb":{"@id":"https:\/\/ibemf.org.br\/index.php\/produto\/mentoria-em-criptoeconomia\/#breadcrumb"},"inLanguage":"pt-BR","potentialAction":[{"@type":"ReadAction","target":["https:\/\/ibemf.org.br\/index.php\/produto\/mentoria-em-criptoeconomia\/"]}]},{"@type":"ImageObject","inLanguage":"pt-BR","@id":"https:\/\/ibemf.org.br\/index.php\/produto\/mentoria-em-criptoeconomia\/#primaryimage","url":"https:\/\/ibemf.org.br\/wp-content\/uploads\/2025\/10\/Mentoria-Em-Criptoeconomia.jpg","contentUrl":"https:\/\/ibemf.org.br\/wp-content\/uploads\/2025\/10\/Mentoria-Em-Criptoeconomia.jpg","width":1080,"height":1080,"caption":"Mentoria Em Criptoeconomia"},{"@type":"BreadcrumbList","@id":"https:\/\/ibemf.org.br\/index.php\/produto\/mentoria-em-criptoeconomia\/#breadcrumb","itemListElement":[{"@type":"ListItem","position":1,"name":"In\u00edcio","item":"https:\/\/ibemf.org.br\/"},{"@type":"ListItem","position":2,"name":"Loja","item":"https:\/\/ibemf.org.br\/index.php\/loja\/"},{"@type":"ListItem","position":3,"name":"Mentoria em Criptoeconomia"}]},{"@type":"WebSite","@id":"https:\/\/ibemf.org.br\/#website","url":"https:\/\/ibemf.org.br\/","name":"IBEMF - Cursos Certifica\u00e7\u00f5es e Forma\u00e7\u00f5es","description":"","publisher":{"@id":"https:\/\/ibemf.org.br\/#organization"},"potentialAction":[{"@type":"SearchAction","target":{"@type":"EntryPoint","urlTemplate":"https:\/\/ibemf.org.br\/?s={search_term_string}"},"query-input":{"@type":"PropertyValueSpecification","valueRequired":true,"valueName":"search_term_string"}}],"inLanguage":"pt-BR"},{"@type":"Organization","@id":"https:\/\/ibemf.org.br\/#organization","name":"IBEMF - Cursos Certifica\u00e7\u00f5es e Forma\u00e7\u00f5es","url":"https:\/\/ibemf.org.br\/","logo":{"@type":"ImageObject","inLanguage":"pt-BR","@id":"https:\/\/ibemf.org.br\/#\/schema\/logo\/image\/","url":"https:\/\/novo.ibemf.org.br\/wp-content\/uploads\/2024\/07\/logo_ibemfxselo.png","contentUrl":"https:\/\/novo.ibemf.org.br\/wp-content\/uploads\/2024\/07\/logo_ibemfxselo.png","width":200,"height":199,"caption":"IBEMF - Cursos Certifica\u00e7\u00f5es e Forma\u00e7\u00f5es"},"image":{"@id":"https:\/\/ibemf.org.br\/#\/schema\/logo\/image\/"},"sameAs":["https:\/\/www.facebook.com\/ibemfrj","https:\/\/www.instagram.com\/ibemf.investeduc?utm_source=ig_web_button_share_sheet&igsh=ZDNlZDc0MzIxNw","https:\/\/www.linkedin.com\/in\/ibemf-instituto-brasileiro-de-estudos-para-o-mercado-financeiro-26430220b\/"]}]}},"_links":{"self":[{"href":"https:\/\/ibemf.org.br\/index.php\/wp-json\/wp\/v2\/product\/1534","targetHints":{"allow":["GET"]}}],"collection":[{"href":"https:\/\/ibemf.org.br\/index.php\/wp-json\/wp\/v2\/product"}],"about":[{"href":"https:\/\/ibemf.org.br\/index.php\/wp-json\/wp\/v2\/types\/product"}],"replies":[{"embeddable":true,"href":"https:\/\/ibemf.org.br\/index.php\/wp-json\/wp\/v2\/comments?post=1534"}],"wp:featuredmedia":[{"embeddable":true,"href":"https:\/\/ibemf.org.br\/index.php\/wp-json\/wp\/v2\/media\/1535"}],"wp:attachment":[{"href":"https:\/\/ibemf.org.br\/index.php\/wp-json\/wp\/v2\/media?parent=1534"}],"wp:term":[{"taxonomy":"product_brand","embeddable":true,"href":"https:\/\/ibemf.org.br\/index.php\/wp-json\/wp\/v2\/product_brand?post=1534"},{"taxonomy":"product_cat","embeddable":true,"href":"https:\/\/ibemf.org.br\/index.php\/wp-json\/wp\/v2\/product_cat?post=1534"},{"taxonomy":"product_tag","embeddable":true,"href":"https:\/\/ibemf.org.br\/index.php\/wp-json\/wp\/v2\/product_tag?post=1534"}],"curies":[{"name":"wp","href":"https:\/\/api.w.org\/{rel}","templated":true}]}}