{"id":917,"date":"2025-09-08T17:26:20","date_gmt":"2025-09-08T17:26:20","guid":{"rendered":"https:\/\/novo.ibemf.org.br\/?post_type=product&#038;p=917"},"modified":"2026-04-10T14:54:24","modified_gmt":"2026-04-10T17:54:24","slug":"cpa-10-presencial","status":"publish","type":"product","link":"https:\/\/ibemf.org.br\/index.php\/produto\/cpa-10-presencial\/","title":{"rendered":"CPA &#8211; ANBIMA | CPA 10, CPA 20 e CEA"},"content":{"rendered":"<h2 data-start=\"492\" data-end=\"529\">Curso Preparat\u00f3rio para CPA ANBIMA<\/h2>\n<p data-start=\"531\" data-end=\"858\">O principal objetivo do <strong data-start=\"555\" data-end=\"620\">Curso Preparat\u00f3rio para CPA (Certificado Profissional ANBIMA)<\/strong> \u00e9 garantir que o candidato domine os conhecimentos fundamentais exigidos para a aprova\u00e7\u00e3o no exame. Al\u00e9m disso, o curso desenvolve as habilidades pr\u00e1ticas previstas para a certifica\u00e7\u00e3o, que entra em vigor a partir de janeiro de 2026.<\/p>\n<p data-start=\"860\" data-end=\"1192\">A nova certifica\u00e7\u00e3o <strong data-start=\"880\" data-end=\"921\">CPA (Certificado Profissional ANBIMA)<\/strong> \u00e9 a porta de entrada obrigat\u00f3ria para a carreira em distribui\u00e7\u00e3o de produtos de investimento. Nesse contexto, o foco est\u00e1 nas atividades comerciais e no conhecimento fundamental do mercado financeiro. Dessa forma, essa certifica\u00e7\u00e3o substitui a antiga <strong data-start=\"1181\" data-end=\"1191\">CPA-10<\/strong>.<\/p>\n<p data-start=\"1194\" data-end=\"1348\">Al\u00e9m disso, a nova CPA integra a trilha de certifica\u00e7\u00f5es da ANBIMA que substitui a <strong data-start=\"1281\" data-end=\"1305\">CPA-10, CPA-20 e CEA<\/strong>, com validade a partir de janeiro de 2026.<\/p>\n<hr data-start=\"1350\" data-end=\"1353\" \/>\n<h2 data-start=\"1355\" data-end=\"1386\">Objetivo da Certifica\u00e7\u00e3o CPA<\/h2>\n<p data-start=\"1388\" data-end=\"1723\">A certifica\u00e7\u00e3o CPA representa o ponto de partida para quem deseja atuar na \u00e1rea de distribui\u00e7\u00e3o de produtos de investimento. Nesse sentido, ela habilita o profissional para exercer atividades comerciais de n\u00edvel b\u00e1sico. Assim, garante que o candidato possua fundamentos \u00e9ticos e t\u00e9cnicos adequados para interagir com o p\u00fablico.<\/p>\n<hr data-start=\"1725\" data-end=\"1728\" \/>\n<h2 data-start=\"1730\" data-end=\"1772\">Atividades e Compet\u00eancias Desenvolvidas<\/h2>\n<p data-start=\"1774\" data-end=\"1938\">As atividades e compet\u00eancias da certifica\u00e7\u00e3o CPA est\u00e3o voltadas ao atendimento inicial e \u00e0s fun\u00e7\u00f5es comerciais b\u00e1sicas. Entre os principais pontos, destacam-se:<\/p>\n<p data-start=\"1940\" data-end=\"2168\"><strong data-start=\"1940\" data-end=\"1979\">Fornecimento de Informa\u00e7\u00f5es B\u00e1sicas<\/strong><br data-start=\"1979\" data-end=\"1982\" \/>Capacita o profissional a apresentar informa\u00e7\u00f5es claras sobre os principais produtos e servi\u00e7os financeiros. Dessa forma, contribui para uma comunica\u00e7\u00e3o mais eficiente com o cliente.<\/p>\n<p data-start=\"2170\" data-end=\"2333\"><strong data-start=\"2170\" data-end=\"2196\">Prospec\u00e7\u00e3o de Clientes<\/strong><br data-start=\"2196\" data-end=\"2199\" \/>Habilita o profissional a identificar potenciais investidores no mercado. Assim, possibilita o in\u00edcio do relacionamento comercial.<\/p>\n<p data-start=\"2335\" data-end=\"2566\"><strong data-start=\"2335\" data-end=\"2368\">Atendimento e Suporte Inicial<\/strong><br data-start=\"2368\" data-end=\"2371\" \/>Ensina a compreender as necessidades dos clientes. Al\u00e9m disso, orienta o direcionamento adequado para especialistas certificados, como profissionais com C-Pro R ou C-Pro I, quando necess\u00e1rio.<\/p>\n<p data-start=\"2568\" data-end=\"2758\"><strong data-start=\"2568\" data-end=\"2589\">\u00c9tica e Regula\u00e7\u00e3o<\/strong><br data-start=\"2589\" data-end=\"2592\" \/>Aborda princ\u00edpios de conduta, \u00e9tica profissional e as normas b\u00e1sicas do Sistema Financeiro Nacional (SFN). Portanto, refor\u00e7a a import\u00e2ncia da atua\u00e7\u00e3o respons\u00e1vel.<\/p>\n<hr data-start=\"2760\" data-end=\"2763\" \/>\n<h2 data-start=\"2765\" data-end=\"2780\">P\u00fablico-Alvo<\/h2>\n<p data-start=\"2782\" data-end=\"3008\">O curso \u00e9 indicado para profissionais em in\u00edcio de carreira que desejam atuar no mercado financeiro. Al\u00e9m disso, \u00e9 recomendado para quem j\u00e1 exerce fun\u00e7\u00f5es comerciais b\u00e1sicas e busca a certifica\u00e7\u00e3o obrigat\u00f3ria para atua\u00e7\u00e3o.<\/p>\n<hr data-start=\"3010\" data-end=\"3013\" \/>\n<h2 data-start=\"3015\" data-end=\"3039\">Conte\u00fado Program\u00e1tico<\/h2>\n<p data-start=\"3041\" data-end=\"3267\">O curso preparat\u00f3rio assegura que o aluno estude, de forma direcionada, todos os conte\u00fados previstos no <strong data-start=\"3145\" data-end=\"3172\">Programa Detalhado (PD)<\/strong> da nova CPA. Dessa forma, o aprendizado ocorre de maneira estruturada e alinhada ao exame.<\/p>\n<p data-start=\"3269\" data-end=\"3422\"><strong data-start=\"3269\" data-end=\"3295\">Fundamentos do Mercado<\/strong><br data-start=\"3295\" data-end=\"3298\" \/>Aborda a estrutura do Sistema Financeiro Nacional (SFN). Al\u00e9m disso, apresenta no\u00e7\u00f5es essenciais de economia e finan\u00e7as.<\/p>\n<p data-start=\"3424\" data-end=\"3613\"><strong data-start=\"3424\" data-end=\"3443\">\u00c9tica e Conduta<\/strong><br data-start=\"3443\" data-end=\"3446\" \/>Trata dos c\u00f3digos da ANBIMA, Compliance e regulamenta\u00e7\u00e3o. Ainda, inclui a an\u00e1lise do perfil do investidor (<strong data-start=\"3557\" data-end=\"3572\">Suitability<\/strong>), essencial para a atua\u00e7\u00e3o profissional.<\/p>\n<p data-start=\"3615\" data-end=\"3822\"><strong data-start=\"3615\" data-end=\"3643\">Produtos de Investimento<\/strong><br data-start=\"3643\" data-end=\"3646\" \/>Oferece uma vis\u00e3o b\u00e1sica e objetiva sobre Renda Fixa, Renda Vari\u00e1vel, Fundos de Investimento e Previd\u00eancia. Assim, prepara o aluno para o atendimento inicial ao investidor.<\/p>\n<p data-start=\"3824\" data-end=\"3985\"><strong data-start=\"3824\" data-end=\"3840\">Temas Atuais<\/strong><br data-start=\"3840\" data-end=\"3843\" \/>Introduz novos assuntos relevantes. Entre eles, destacam-se os conceitos de <strong data-start=\"3923\" data-end=\"3963\">ESG (Ambiental, Social e Governan\u00e7a)<\/strong> e <strong data-start=\"3966\" data-end=\"3984\">Criptoeconomia<\/strong>.<\/p>\n<hr data-start=\"3987\" data-end=\"3990\" \/>\n<h2 data-start=\"3992\" data-end=\"4024\">Formato do Curso Preparat\u00f3rio<\/h2>\n<p data-start=\"4026\" data-end=\"4107\">O curso preparat\u00f3rio para a <strong data-start=\"4054\" data-end=\"4074\">Certifica\u00e7\u00e3o CPA<\/strong> \u00e9 oferecido no seguinte formato:<\/p>\n<ul data-start=\"4109\" data-end=\"4171\">\n<li data-start=\"4109\" data-end=\"4141\">\n<p data-start=\"4111\" data-end=\"4141\"><strong data-start=\"4111\" data-end=\"4129\">Carga hor\u00e1ria:<\/strong> 15 horas;<\/p>\n<\/li>\n<li data-start=\"4142\" data-end=\"4171\">\n<p data-start=\"4144\" data-end=\"4171\"><strong data-start=\"4144\" data-end=\"4159\">Modalidade:<\/strong> Presencial.<\/p>\n<\/li>\n<\/ul>\n","protected":false},"excerpt":{"rendered":"<p>Curso Preparat\u00f3rio para CPA ANBIMA O principal objetivo do Curso Preparat\u00f3rio para CPA (Certificado Profissional ANBIMA) \u00e9 garantir que o candidato domine os conhecimentos fundamentais exigidos para a aprova\u00e7\u00e3o no exame. Al\u00e9m disso, o curso desenvolve as habilidades pr\u00e1ticas previstas para a certifica\u00e7\u00e3o, que entra em vigor a partir de janeiro de 2026. A nova [&hellip;]<\/p>\n","protected":false},"featured_media":1633,"comment_status":"open","ping_status":"closed","template":"","meta":{"_joinchat":[]},"product_brand":[],"product_cat":[25,44],"product_tag":[],"class_list":{"0":"post-917","1":"product","2":"type-product","3":"status-publish","4":"has-post-thumbnail","6":"product_cat-cursos-presenciais","7":"product_cat-loja","9":"first","10":"instock","11":"taxable","12":"shipping-taxable","13":"purchasable","14":"product-type-simple"},"yoast_head":"<!-- This site is optimized with the Yoast SEO Premium plugin v26.9 (Yoast SEO v26.9) - https:\/\/yoast.com\/product\/yoast-seo-premium-wordpress\/ -->\n<title>CPA - ANBIMA | CPA 10, CPA 20 e CEA - IBEMF - Cursos Certifica\u00e7\u00f5es e Forma\u00e7\u00f5es<\/title>\n<meta name=\"description\" content=\"Curso preparat\u00f3rio para a nova CPA ANBIMA. Substitui as antigas certifica\u00e7\u00f5es CPA 10, CPA 20 e CEA. Aprova\u00e7\u00e3o na certifica\u00e7\u00e3o obrigat\u00f3ria a partir de 2026.\" \/>\n<meta name=\"robots\" content=\"index, follow, max-snippet:-1, max-image-preview:large, max-video-preview:-1\" \/>\n<link rel=\"canonical\" href=\"https:\/\/ibemf.org.br\/index.php\/produto\/cpa-10-presencial\/\" \/>\n<meta property=\"og:locale\" content=\"pt_BR\" \/>\n<meta property=\"og:type\" content=\"article\" \/>\n<meta property=\"og:title\" content=\"CPA - ANBIMA | CPA 10, CPA 20 e CEA\" \/>\n<meta property=\"og:description\" content=\"Curso preparat\u00f3rio para a nova CPA ANBIMA. Substitui as antigas certifica\u00e7\u00f5es CPA 10, CPA 20 e CEA. Aprova\u00e7\u00e3o na certifica\u00e7\u00e3o obrigat\u00f3ria a partir de 2026.\" \/>\n<meta property=\"og:url\" content=\"https:\/\/ibemf.org.br\/index.php\/produto\/cpa-10-presencial\/\" \/>\n<meta property=\"og:site_name\" content=\"IBEMF - Cursos Certifica\u00e7\u00f5es e Forma\u00e7\u00f5es\" \/>\n<meta property=\"article:publisher\" content=\"https:\/\/www.facebook.com\/ibemfrj\" \/>\n<meta property=\"article:modified_time\" content=\"2026-04-10T17:54:24+00:00\" \/>\n<meta property=\"og:image\" content=\"https:\/\/ibemf.org.br\/wp-content\/uploads\/2025\/10\/CPA-PRESENCIAL.png\" \/>\n\t<meta property=\"og:image:width\" content=\"1080\" \/>\n\t<meta property=\"og:image:height\" content=\"1080\" \/>\n\t<meta property=\"og:image:type\" content=\"image\/png\" \/>\n<meta name=\"twitter:card\" content=\"summary_large_image\" \/>\n<meta name=\"twitter:label1\" content=\"Est. tempo de leitura\" \/>\n\t<meta name=\"twitter:data1\" content=\"4 minutos\" \/>\n<script type=\"application\/ld+json\" class=\"yoast-schema-graph\">{\"@context\":\"https:\/\/schema.org\",\"@graph\":[{\"@type\":\"WebPage\",\"@id\":\"https:\/\/ibemf.org.br\/index.php\/produto\/cpa-10-presencial\/\",\"url\":\"https:\/\/ibemf.org.br\/index.php\/produto\/cpa-10-presencial\/\",\"name\":\"CPA - ANBIMA | CPA 10, CPA 20 e CEA - IBEMF - Cursos Certifica\u00e7\u00f5es e Forma\u00e7\u00f5es\",\"isPartOf\":{\"@id\":\"https:\/\/ibemf.org.br\/#website\"},\"primaryImageOfPage\":{\"@id\":\"https:\/\/ibemf.org.br\/index.php\/produto\/cpa-10-presencial\/#primaryimage\"},\"image\":{\"@id\":\"https:\/\/ibemf.org.br\/index.php\/produto\/cpa-10-presencial\/#primaryimage\"},\"thumbnailUrl\":\"https:\/\/ibemf.org.br\/wp-content\/uploads\/2025\/10\/CPA-PRESENCIAL.png\",\"datePublished\":\"2025-09-08T17:26:20+00:00\",\"dateModified\":\"2026-04-10T17:54:24+00:00\",\"description\":\"Curso preparat\u00f3rio para a nova CPA ANBIMA. Substitui as antigas certifica\u00e7\u00f5es CPA 10, CPA 20 e CEA. Aprova\u00e7\u00e3o na certifica\u00e7\u00e3o obrigat\u00f3ria a partir de 2026.\",\"breadcrumb\":{\"@id\":\"https:\/\/ibemf.org.br\/index.php\/produto\/cpa-10-presencial\/#breadcrumb\"},\"inLanguage\":\"pt-BR\",\"potentialAction\":[{\"@type\":\"ReadAction\",\"target\":[\"https:\/\/ibemf.org.br\/index.php\/produto\/cpa-10-presencial\/\"]}]},{\"@type\":\"ImageObject\",\"inLanguage\":\"pt-BR\",\"@id\":\"https:\/\/ibemf.org.br\/index.php\/produto\/cpa-10-presencial\/#primaryimage\",\"url\":\"https:\/\/ibemf.org.br\/wp-content\/uploads\/2025\/10\/CPA-PRESENCIAL.png\",\"contentUrl\":\"https:\/\/ibemf.org.br\/wp-content\/uploads\/2025\/10\/CPA-PRESENCIAL.png\",\"width\":1080,\"height\":1080},{\"@type\":\"BreadcrumbList\",\"@id\":\"https:\/\/ibemf.org.br\/index.php\/produto\/cpa-10-presencial\/#breadcrumb\",\"itemListElement\":[{\"@type\":\"ListItem\",\"position\":1,\"name\":\"In\u00edcio\",\"item\":\"https:\/\/ibemf.org.br\/\"},{\"@type\":\"ListItem\",\"position\":2,\"name\":\"Loja\",\"item\":\"https:\/\/ibemf.org.br\/index.php\/loja\/\"},{\"@type\":\"ListItem\",\"position\":3,\"name\":\"CPA &#8211; ANBIMA | CPA 10, CPA 20 e CEA\"}]},{\"@type\":\"WebSite\",\"@id\":\"https:\/\/ibemf.org.br\/#website\",\"url\":\"https:\/\/ibemf.org.br\/\",\"name\":\"IBEMF - Cursos Certifica\u00e7\u00f5es e Forma\u00e7\u00f5es\",\"description\":\"\",\"publisher\":{\"@id\":\"https:\/\/ibemf.org.br\/#organization\"},\"potentialAction\":[{\"@type\":\"SearchAction\",\"target\":{\"@type\":\"EntryPoint\",\"urlTemplate\":\"https:\/\/ibemf.org.br\/?s={search_term_string}\"},\"query-input\":{\"@type\":\"PropertyValueSpecification\",\"valueRequired\":true,\"valueName\":\"search_term_string\"}}],\"inLanguage\":\"pt-BR\"},{\"@type\":\"Organization\",\"@id\":\"https:\/\/ibemf.org.br\/#organization\",\"name\":\"IBEMF - Cursos Certifica\u00e7\u00f5es e Forma\u00e7\u00f5es\",\"url\":\"https:\/\/ibemf.org.br\/\",\"logo\":{\"@type\":\"ImageObject\",\"inLanguage\":\"pt-BR\",\"@id\":\"https:\/\/ibemf.org.br\/#\/schema\/logo\/image\/\",\"url\":\"https:\/\/novo.ibemf.org.br\/wp-content\/uploads\/2024\/07\/logo_ibemfxselo.png\",\"contentUrl\":\"https:\/\/novo.ibemf.org.br\/wp-content\/uploads\/2024\/07\/logo_ibemfxselo.png\",\"width\":200,\"height\":199,\"caption\":\"IBEMF - Cursos Certifica\u00e7\u00f5es e Forma\u00e7\u00f5es\"},\"image\":{\"@id\":\"https:\/\/ibemf.org.br\/#\/schema\/logo\/image\/\"},\"sameAs\":[\"https:\/\/www.facebook.com\/ibemfrj\",\"https:\/\/www.instagram.com\/ibemf.investeduc?utm_source=ig_web_button_share_sheet&igsh=ZDNlZDc0MzIxNw\",\"https:\/\/www.linkedin.com\/in\/ibemf-instituto-brasileiro-de-estudos-para-o-mercado-financeiro-26430220b\/\"]}]}<\/script>\n<!-- \/ Yoast SEO Premium plugin. -->","yoast_head_json":{"title":"CPA - ANBIMA | CPA 10, CPA 20 e CEA - IBEMF - Cursos Certifica\u00e7\u00f5es e Forma\u00e7\u00f5es","description":"Curso preparat\u00f3rio para a nova CPA ANBIMA. Substitui as antigas certifica\u00e7\u00f5es CPA 10, CPA 20 e CEA. Aprova\u00e7\u00e3o na certifica\u00e7\u00e3o obrigat\u00f3ria a partir de 2026.","robots":{"index":"index","follow":"follow","max-snippet":"max-snippet:-1","max-image-preview":"max-image-preview:large","max-video-preview":"max-video-preview:-1"},"canonical":"https:\/\/ibemf.org.br\/index.php\/produto\/cpa-10-presencial\/","og_locale":"pt_BR","og_type":"article","og_title":"CPA - ANBIMA | CPA 10, CPA 20 e CEA","og_description":"Curso preparat\u00f3rio para a nova CPA ANBIMA. Substitui as antigas certifica\u00e7\u00f5es CPA 10, CPA 20 e CEA. Aprova\u00e7\u00e3o na certifica\u00e7\u00e3o obrigat\u00f3ria a partir de 2026.","og_url":"https:\/\/ibemf.org.br\/index.php\/produto\/cpa-10-presencial\/","og_site_name":"IBEMF - Cursos Certifica\u00e7\u00f5es e Forma\u00e7\u00f5es","article_publisher":"https:\/\/www.facebook.com\/ibemfrj","article_modified_time":"2026-04-10T17:54:24+00:00","og_image":[{"width":1080,"height":1080,"url":"https:\/\/ibemf.org.br\/wp-content\/uploads\/2025\/10\/CPA-PRESENCIAL.png","type":"image\/png"}],"twitter_card":"summary_large_image","twitter_misc":{"Est. tempo de leitura":"4 minutos"},"schema":{"@context":"https:\/\/schema.org","@graph":[{"@type":"WebPage","@id":"https:\/\/ibemf.org.br\/index.php\/produto\/cpa-10-presencial\/","url":"https:\/\/ibemf.org.br\/index.php\/produto\/cpa-10-presencial\/","name":"CPA - ANBIMA | CPA 10, CPA 20 e CEA - IBEMF - Cursos Certifica\u00e7\u00f5es e Forma\u00e7\u00f5es","isPartOf":{"@id":"https:\/\/ibemf.org.br\/#website"},"primaryImageOfPage":{"@id":"https:\/\/ibemf.org.br\/index.php\/produto\/cpa-10-presencial\/#primaryimage"},"image":{"@id":"https:\/\/ibemf.org.br\/index.php\/produto\/cpa-10-presencial\/#primaryimage"},"thumbnailUrl":"https:\/\/ibemf.org.br\/wp-content\/uploads\/2025\/10\/CPA-PRESENCIAL.png","datePublished":"2025-09-08T17:26:20+00:00","dateModified":"2026-04-10T17:54:24+00:00","description":"Curso preparat\u00f3rio para a nova CPA ANBIMA. Substitui as antigas certifica\u00e7\u00f5es CPA 10, CPA 20 e CEA. Aprova\u00e7\u00e3o na certifica\u00e7\u00e3o obrigat\u00f3ria a partir de 2026.","breadcrumb":{"@id":"https:\/\/ibemf.org.br\/index.php\/produto\/cpa-10-presencial\/#breadcrumb"},"inLanguage":"pt-BR","potentialAction":[{"@type":"ReadAction","target":["https:\/\/ibemf.org.br\/index.php\/produto\/cpa-10-presencial\/"]}]},{"@type":"ImageObject","inLanguage":"pt-BR","@id":"https:\/\/ibemf.org.br\/index.php\/produto\/cpa-10-presencial\/#primaryimage","url":"https:\/\/ibemf.org.br\/wp-content\/uploads\/2025\/10\/CPA-PRESENCIAL.png","contentUrl":"https:\/\/ibemf.org.br\/wp-content\/uploads\/2025\/10\/CPA-PRESENCIAL.png","width":1080,"height":1080},{"@type":"BreadcrumbList","@id":"https:\/\/ibemf.org.br\/index.php\/produto\/cpa-10-presencial\/#breadcrumb","itemListElement":[{"@type":"ListItem","position":1,"name":"In\u00edcio","item":"https:\/\/ibemf.org.br\/"},{"@type":"ListItem","position":2,"name":"Loja","item":"https:\/\/ibemf.org.br\/index.php\/loja\/"},{"@type":"ListItem","position":3,"name":"CPA &#8211; ANBIMA | CPA 10, CPA 20 e CEA"}]},{"@type":"WebSite","@id":"https:\/\/ibemf.org.br\/#website","url":"https:\/\/ibemf.org.br\/","name":"IBEMF - Cursos Certifica\u00e7\u00f5es e Forma\u00e7\u00f5es","description":"","publisher":{"@id":"https:\/\/ibemf.org.br\/#organization"},"potentialAction":[{"@type":"SearchAction","target":{"@type":"EntryPoint","urlTemplate":"https:\/\/ibemf.org.br\/?s={search_term_string}"},"query-input":{"@type":"PropertyValueSpecification","valueRequired":true,"valueName":"search_term_string"}}],"inLanguage":"pt-BR"},{"@type":"Organization","@id":"https:\/\/ibemf.org.br\/#organization","name":"IBEMF - Cursos Certifica\u00e7\u00f5es e Forma\u00e7\u00f5es","url":"https:\/\/ibemf.org.br\/","logo":{"@type":"ImageObject","inLanguage":"pt-BR","@id":"https:\/\/ibemf.org.br\/#\/schema\/logo\/image\/","url":"https:\/\/novo.ibemf.org.br\/wp-content\/uploads\/2024\/07\/logo_ibemfxselo.png","contentUrl":"https:\/\/novo.ibemf.org.br\/wp-content\/uploads\/2024\/07\/logo_ibemfxselo.png","width":200,"height":199,"caption":"IBEMF - Cursos Certifica\u00e7\u00f5es e Forma\u00e7\u00f5es"},"image":{"@id":"https:\/\/ibemf.org.br\/#\/schema\/logo\/image\/"},"sameAs":["https:\/\/www.facebook.com\/ibemfrj","https:\/\/www.instagram.com\/ibemf.investeduc?utm_source=ig_web_button_share_sheet&igsh=ZDNlZDc0MzIxNw","https:\/\/www.linkedin.com\/in\/ibemf-instituto-brasileiro-de-estudos-para-o-mercado-financeiro-26430220b\/"]}]}},"_links":{"self":[{"href":"https:\/\/ibemf.org.br\/index.php\/wp-json\/wp\/v2\/product\/917","targetHints":{"allow":["GET"]}}],"collection":[{"href":"https:\/\/ibemf.org.br\/index.php\/wp-json\/wp\/v2\/product"}],"about":[{"href":"https:\/\/ibemf.org.br\/index.php\/wp-json\/wp\/v2\/types\/product"}],"replies":[{"embeddable":true,"href":"https:\/\/ibemf.org.br\/index.php\/wp-json\/wp\/v2\/comments?post=917"}],"wp:featuredmedia":[{"embeddable":true,"href":"https:\/\/ibemf.org.br\/index.php\/wp-json\/wp\/v2\/media\/1633"}],"wp:attachment":[{"href":"https:\/\/ibemf.org.br\/index.php\/wp-json\/wp\/v2\/media?parent=917"}],"wp:term":[{"taxonomy":"product_brand","embeddable":true,"href":"https:\/\/ibemf.org.br\/index.php\/wp-json\/wp\/v2\/product_brand?post=917"},{"taxonomy":"product_cat","embeddable":true,"href":"https:\/\/ibemf.org.br\/index.php\/wp-json\/wp\/v2\/product_cat?post=917"},{"taxonomy":"product_tag","embeddable":true,"href":"https:\/\/ibemf.org.br\/index.php\/wp-json\/wp\/v2\/product_tag?post=917"}],"curies":[{"name":"wp","href":"https:\/\/api.w.org\/{rel}","templated":true}]}}