{"id":933,"date":"2025-09-08T18:27:01","date_gmt":"2025-09-08T18:27:01","guid":{"rendered":"https:\/\/novo.ibemf.org.br\/?post_type=product&#038;p=933"},"modified":"2026-03-12T16:52:42","modified_gmt":"2026-03-12T19:52:42","slug":"aposentadoria-fantastica","status":"publish","type":"product","link":"https:\/\/ibemf.org.br\/index.php\/produto\/aposentadoria-fantastica\/","title":{"rendered":"Aposentadoria Fant\u00e1stica"},"content":{"rendered":"<p><strong>Objetivo do curso:<\/strong><\/p>\n<p>O curso <strong>Aposentadoria Fant\u00e1stica<\/strong> ensina voc\u00ea a criar um plano de aposentadoria e n\u00e3o depender do INSS, ou seja, voc\u00ea quer saber como se livrar do fantasma do INSS e ainda assim garantir tranquilidade durante a aposentadoria? Ent\u00e3o vamos falar sobre independ\u00eancia financeira!<\/p>\n<p>Conforme voc\u00ea evoluir na vida profissional, ser\u00e1 importante diversificar seus investimentos.<\/p>\n<p>Depender \u00fanica e exclusivamente do INSS pode ser uma op\u00e7\u00e3o c\u00f4moda, mas em longo prazo \u00e9 demasiadamente prejudicial. Em primeiro ponto, o valor restitu\u00eddo pelo INSS \u00e9 debitado com altas taxas e est\u00e1 suscet\u00edvel \u00e0s nuances das leis trabalhistas. Al\u00e9m disso, nem sempre o funcion\u00e1rio ir\u00e1 receber integralmente seu pagamento, o que prejudica caso seja necess\u00e1rio aposentar antes do per\u00edodo institu\u00eddo.<\/p>\n<p>Voc\u00ea aumenta sua rentabilidade quando estabelece um planejamento financeiro meticuloso e atento \u00e0s nuances do mercado, focando sempre em aplica\u00e7\u00f5es de m\u00e9dio e longo prazo e remanejando-as de acordo com a necessidade.<\/p>\n<p><strong>Conte\u00fado Program\u00e1tico:<\/strong><\/p>\n<p><strong>M\u00f3dulo 1:<\/strong> Previd\u00eancia Social e Privada<\/p>\n<p>O que \u00e9 Previd\u00eancia Social? Quais s\u00e3o os benef\u00edcios?<br \/>\nPrevid\u00eancia Privada: Aberta e Fechada<br \/>\nDiferen\u00e7as e Conceitos importantes<\/p>\n<p><strong>M\u00f3dulo 2:<\/strong> VGBL e PGBL<\/p>\n<p>Caracteristicas<br \/>\nVGBL e PGBL : qual escolher?<br \/>\nDin\u00e2mica de aplica\u00e7\u00e3o ou resgate e risco<br \/>\nCustos e Taxas<\/p>\n<p><strong>M\u00f3dulo 3:<\/strong> Regime de Tributa\u00e7\u00e3o<\/p>\n<p>Regime Progressivo<br \/>\nRegime Regressivo<\/p>\n","protected":false},"excerpt":{"rendered":"<p>Objetivo do curso: O curso Aposentadoria Fant\u00e1stica ensina voc\u00ea a criar um plano de aposentadoria e n\u00e3o depender do INSS, ou seja, voc\u00ea quer saber como se livrar do fantasma do INSS e ainda assim garantir tranquilidade durante a aposentadoria? Ent\u00e3o vamos falar sobre independ\u00eancia financeira! Conforme voc\u00ea evoluir na vida profissional, ser\u00e1 importante diversificar [&hellip;]<\/p>\n","protected":false},"featured_media":979,"comment_status":"open","ping_status":"closed","template":"","meta":{"_joinchat":[]},"product_brand":[],"product_cat":[22,44],"product_tag":[],"class_list":{"0":"post-933","1":"product","2":"type-product","3":"status-publish","4":"has-post-thumbnail","6":"product_cat-cursos-gratuitos","7":"product_cat-loja","9":"first","10":"instock","11":"downloadable","12":"virtual","13":"purchasable","14":"product-type-simple"},"yoast_head":"<!-- This site is optimized with the Yoast SEO Premium plugin v26.9 (Yoast SEO v26.9) - https:\/\/yoast.com\/product\/yoast-seo-premium-wordpress\/ -->\n<title>Aposentadoria Fant\u00e1stica - IBEMF - Cursos Certifica\u00e7\u00f5es e Forma\u00e7\u00f5es<\/title>\n<meta name=\"description\" content=\"Aprenda a planejar sua aposentadoria sem depender do INSS. Descubra previd\u00eancia privada, VGBL, PGBL, tributa\u00e7\u00e3o e crie seu plano financeiro.\" \/>\n<meta name=\"robots\" content=\"index, follow, max-snippet:-1, max-image-preview:large, max-video-preview:-1\" \/>\n<link rel=\"canonical\" href=\"https:\/\/ibemf.org.br\/index.php\/produto\/aposentadoria-fantastica\/\" \/>\n<meta property=\"og:locale\" content=\"pt_BR\" \/>\n<meta property=\"og:type\" content=\"article\" \/>\n<meta property=\"og:title\" content=\"Aposentadoria Fant\u00e1stica\" \/>\n<meta property=\"og:description\" content=\"Aprenda a planejar sua aposentadoria sem depender do INSS. Descubra previd\u00eancia privada, VGBL, PGBL, tributa\u00e7\u00e3o e crie seu plano financeiro.\" \/>\n<meta property=\"og:url\" content=\"https:\/\/ibemf.org.br\/index.php\/produto\/aposentadoria-fantastica\/\" \/>\n<meta property=\"og:site_name\" content=\"IBEMF - Cursos Certifica\u00e7\u00f5es e Forma\u00e7\u00f5es\" \/>\n<meta property=\"article:publisher\" content=\"https:\/\/www.facebook.com\/ibemfrj\" \/>\n<meta property=\"article:modified_time\" content=\"2026-03-12T19:52:42+00:00\" \/>\n<meta property=\"og:image\" content=\"https:\/\/ibemf.org.br\/wp-content\/uploads\/2025\/09\/aposentadoria-fantastica.jpg\" \/>\n\t<meta property=\"og:image:width\" content=\"1080\" \/>\n\t<meta property=\"og:image:height\" content=\"1080\" \/>\n\t<meta property=\"og:image:type\" content=\"image\/jpeg\" \/>\n<meta name=\"twitter:card\" content=\"summary_large_image\" \/>\n<meta name=\"twitter:label1\" content=\"Est. tempo de leitura\" \/>\n\t<meta name=\"twitter:data1\" content=\"2 minutos\" \/>\n<script type=\"application\/ld+json\" class=\"yoast-schema-graph\">{\"@context\":\"https:\/\/schema.org\",\"@graph\":[{\"@type\":\"WebPage\",\"@id\":\"https:\/\/ibemf.org.br\/index.php\/produto\/aposentadoria-fantastica\/\",\"url\":\"https:\/\/ibemf.org.br\/index.php\/produto\/aposentadoria-fantastica\/\",\"name\":\"Aposentadoria Fant\u00e1stica - IBEMF - Cursos Certifica\u00e7\u00f5es e Forma\u00e7\u00f5es\",\"isPartOf\":{\"@id\":\"https:\/\/ibemf.org.br\/#website\"},\"primaryImageOfPage\":{\"@id\":\"https:\/\/ibemf.org.br\/index.php\/produto\/aposentadoria-fantastica\/#primaryimage\"},\"image\":{\"@id\":\"https:\/\/ibemf.org.br\/index.php\/produto\/aposentadoria-fantastica\/#primaryimage\"},\"thumbnailUrl\":\"https:\/\/ibemf.org.br\/wp-content\/uploads\/2025\/09\/aposentadoria-fantastica.jpg\",\"datePublished\":\"2025-09-08T18:27:01+00:00\",\"dateModified\":\"2026-03-12T19:52:42+00:00\",\"description\":\"Aprenda a planejar sua aposentadoria sem depender do INSS. Descubra previd\u00eancia privada, VGBL, PGBL, tributa\u00e7\u00e3o e crie seu plano financeiro.\",\"breadcrumb\":{\"@id\":\"https:\/\/ibemf.org.br\/index.php\/produto\/aposentadoria-fantastica\/#breadcrumb\"},\"inLanguage\":\"pt-BR\",\"potentialAction\":[{\"@type\":\"ReadAction\",\"target\":[\"https:\/\/ibemf.org.br\/index.php\/produto\/aposentadoria-fantastica\/\"]}]},{\"@type\":\"ImageObject\",\"inLanguage\":\"pt-BR\",\"@id\":\"https:\/\/ibemf.org.br\/index.php\/produto\/aposentadoria-fantastica\/#primaryimage\",\"url\":\"https:\/\/ibemf.org.br\/wp-content\/uploads\/2025\/09\/aposentadoria-fantastica.jpg\",\"contentUrl\":\"https:\/\/ibemf.org.br\/wp-content\/uploads\/2025\/09\/aposentadoria-fantastica.jpg\",\"width\":1080,\"height\":1080,\"caption\":\"Aposentadoria Fant\u00e1stica\"},{\"@type\":\"BreadcrumbList\",\"@id\":\"https:\/\/ibemf.org.br\/index.php\/produto\/aposentadoria-fantastica\/#breadcrumb\",\"itemListElement\":[{\"@type\":\"ListItem\",\"position\":1,\"name\":\"In\u00edcio\",\"item\":\"https:\/\/ibemf.org.br\/\"},{\"@type\":\"ListItem\",\"position\":2,\"name\":\"Loja\",\"item\":\"https:\/\/ibemf.org.br\/index.php\/loja\/\"},{\"@type\":\"ListItem\",\"position\":3,\"name\":\"Aposentadoria Fant\u00e1stica\"}]},{\"@type\":\"WebSite\",\"@id\":\"https:\/\/ibemf.org.br\/#website\",\"url\":\"https:\/\/ibemf.org.br\/\",\"name\":\"IBEMF - Cursos Certifica\u00e7\u00f5es e Forma\u00e7\u00f5es\",\"description\":\"\",\"publisher\":{\"@id\":\"https:\/\/ibemf.org.br\/#organization\"},\"potentialAction\":[{\"@type\":\"SearchAction\",\"target\":{\"@type\":\"EntryPoint\",\"urlTemplate\":\"https:\/\/ibemf.org.br\/?s={search_term_string}\"},\"query-input\":{\"@type\":\"PropertyValueSpecification\",\"valueRequired\":true,\"valueName\":\"search_term_string\"}}],\"inLanguage\":\"pt-BR\"},{\"@type\":\"Organization\",\"@id\":\"https:\/\/ibemf.org.br\/#organization\",\"name\":\"IBEMF - Cursos Certifica\u00e7\u00f5es e Forma\u00e7\u00f5es\",\"url\":\"https:\/\/ibemf.org.br\/\",\"logo\":{\"@type\":\"ImageObject\",\"inLanguage\":\"pt-BR\",\"@id\":\"https:\/\/ibemf.org.br\/#\/schema\/logo\/image\/\",\"url\":\"https:\/\/novo.ibemf.org.br\/wp-content\/uploads\/2024\/07\/logo_ibemfxselo.png\",\"contentUrl\":\"https:\/\/novo.ibemf.org.br\/wp-content\/uploads\/2024\/07\/logo_ibemfxselo.png\",\"width\":200,\"height\":199,\"caption\":\"IBEMF - Cursos Certifica\u00e7\u00f5es e Forma\u00e7\u00f5es\"},\"image\":{\"@id\":\"https:\/\/ibemf.org.br\/#\/schema\/logo\/image\/\"},\"sameAs\":[\"https:\/\/www.facebook.com\/ibemfrj\",\"https:\/\/www.instagram.com\/ibemf.investeduc?utm_source=ig_web_button_share_sheet&igsh=ZDNlZDc0MzIxNw\",\"https:\/\/www.linkedin.com\/in\/ibemf-instituto-brasileiro-de-estudos-para-o-mercado-financeiro-26430220b\/\"]}]}<\/script>\n<!-- \/ Yoast SEO Premium plugin. -->","yoast_head_json":{"title":"Aposentadoria Fant\u00e1stica - IBEMF - Cursos Certifica\u00e7\u00f5es e Forma\u00e7\u00f5es","description":"Aprenda a planejar sua aposentadoria sem depender do INSS. Descubra previd\u00eancia privada, VGBL, PGBL, tributa\u00e7\u00e3o e crie seu plano financeiro.","robots":{"index":"index","follow":"follow","max-snippet":"max-snippet:-1","max-image-preview":"max-image-preview:large","max-video-preview":"max-video-preview:-1"},"canonical":"https:\/\/ibemf.org.br\/index.php\/produto\/aposentadoria-fantastica\/","og_locale":"pt_BR","og_type":"article","og_title":"Aposentadoria Fant\u00e1stica","og_description":"Aprenda a planejar sua aposentadoria sem depender do INSS. Descubra previd\u00eancia privada, VGBL, PGBL, tributa\u00e7\u00e3o e crie seu plano financeiro.","og_url":"https:\/\/ibemf.org.br\/index.php\/produto\/aposentadoria-fantastica\/","og_site_name":"IBEMF - Cursos Certifica\u00e7\u00f5es e Forma\u00e7\u00f5es","article_publisher":"https:\/\/www.facebook.com\/ibemfrj","article_modified_time":"2026-03-12T19:52:42+00:00","og_image":[{"width":1080,"height":1080,"url":"https:\/\/ibemf.org.br\/wp-content\/uploads\/2025\/09\/aposentadoria-fantastica.jpg","type":"image\/jpeg"}],"twitter_card":"summary_large_image","twitter_misc":{"Est. tempo de leitura":"2 minutos"},"schema":{"@context":"https:\/\/schema.org","@graph":[{"@type":"WebPage","@id":"https:\/\/ibemf.org.br\/index.php\/produto\/aposentadoria-fantastica\/","url":"https:\/\/ibemf.org.br\/index.php\/produto\/aposentadoria-fantastica\/","name":"Aposentadoria Fant\u00e1stica - IBEMF - Cursos Certifica\u00e7\u00f5es e Forma\u00e7\u00f5es","isPartOf":{"@id":"https:\/\/ibemf.org.br\/#website"},"primaryImageOfPage":{"@id":"https:\/\/ibemf.org.br\/index.php\/produto\/aposentadoria-fantastica\/#primaryimage"},"image":{"@id":"https:\/\/ibemf.org.br\/index.php\/produto\/aposentadoria-fantastica\/#primaryimage"},"thumbnailUrl":"https:\/\/ibemf.org.br\/wp-content\/uploads\/2025\/09\/aposentadoria-fantastica.jpg","datePublished":"2025-09-08T18:27:01+00:00","dateModified":"2026-03-12T19:52:42+00:00","description":"Aprenda a planejar sua aposentadoria sem depender do INSS. Descubra previd\u00eancia privada, VGBL, PGBL, tributa\u00e7\u00e3o e crie seu plano financeiro.","breadcrumb":{"@id":"https:\/\/ibemf.org.br\/index.php\/produto\/aposentadoria-fantastica\/#breadcrumb"},"inLanguage":"pt-BR","potentialAction":[{"@type":"ReadAction","target":["https:\/\/ibemf.org.br\/index.php\/produto\/aposentadoria-fantastica\/"]}]},{"@type":"ImageObject","inLanguage":"pt-BR","@id":"https:\/\/ibemf.org.br\/index.php\/produto\/aposentadoria-fantastica\/#primaryimage","url":"https:\/\/ibemf.org.br\/wp-content\/uploads\/2025\/09\/aposentadoria-fantastica.jpg","contentUrl":"https:\/\/ibemf.org.br\/wp-content\/uploads\/2025\/09\/aposentadoria-fantastica.jpg","width":1080,"height":1080,"caption":"Aposentadoria Fant\u00e1stica"},{"@type":"BreadcrumbList","@id":"https:\/\/ibemf.org.br\/index.php\/produto\/aposentadoria-fantastica\/#breadcrumb","itemListElement":[{"@type":"ListItem","position":1,"name":"In\u00edcio","item":"https:\/\/ibemf.org.br\/"},{"@type":"ListItem","position":2,"name":"Loja","item":"https:\/\/ibemf.org.br\/index.php\/loja\/"},{"@type":"ListItem","position":3,"name":"Aposentadoria Fant\u00e1stica"}]},{"@type":"WebSite","@id":"https:\/\/ibemf.org.br\/#website","url":"https:\/\/ibemf.org.br\/","name":"IBEMF - Cursos Certifica\u00e7\u00f5es e Forma\u00e7\u00f5es","description":"","publisher":{"@id":"https:\/\/ibemf.org.br\/#organization"},"potentialAction":[{"@type":"SearchAction","target":{"@type":"EntryPoint","urlTemplate":"https:\/\/ibemf.org.br\/?s={search_term_string}"},"query-input":{"@type":"PropertyValueSpecification","valueRequired":true,"valueName":"search_term_string"}}],"inLanguage":"pt-BR"},{"@type":"Organization","@id":"https:\/\/ibemf.org.br\/#organization","name":"IBEMF - Cursos Certifica\u00e7\u00f5es e Forma\u00e7\u00f5es","url":"https:\/\/ibemf.org.br\/","logo":{"@type":"ImageObject","inLanguage":"pt-BR","@id":"https:\/\/ibemf.org.br\/#\/schema\/logo\/image\/","url":"https:\/\/novo.ibemf.org.br\/wp-content\/uploads\/2024\/07\/logo_ibemfxselo.png","contentUrl":"https:\/\/novo.ibemf.org.br\/wp-content\/uploads\/2024\/07\/logo_ibemfxselo.png","width":200,"height":199,"caption":"IBEMF - Cursos Certifica\u00e7\u00f5es e Forma\u00e7\u00f5es"},"image":{"@id":"https:\/\/ibemf.org.br\/#\/schema\/logo\/image\/"},"sameAs":["https:\/\/www.facebook.com\/ibemfrj","https:\/\/www.instagram.com\/ibemf.investeduc?utm_source=ig_web_button_share_sheet&igsh=ZDNlZDc0MzIxNw","https:\/\/www.linkedin.com\/in\/ibemf-instituto-brasileiro-de-estudos-para-o-mercado-financeiro-26430220b\/"]}]}},"_links":{"self":[{"href":"https:\/\/ibemf.org.br\/index.php\/wp-json\/wp\/v2\/product\/933","targetHints":{"allow":["GET"]}}],"collection":[{"href":"https:\/\/ibemf.org.br\/index.php\/wp-json\/wp\/v2\/product"}],"about":[{"href":"https:\/\/ibemf.org.br\/index.php\/wp-json\/wp\/v2\/types\/product"}],"replies":[{"embeddable":true,"href":"https:\/\/ibemf.org.br\/index.php\/wp-json\/wp\/v2\/comments?post=933"}],"wp:featuredmedia":[{"embeddable":true,"href":"https:\/\/ibemf.org.br\/index.php\/wp-json\/wp\/v2\/media\/979"}],"wp:attachment":[{"href":"https:\/\/ibemf.org.br\/index.php\/wp-json\/wp\/v2\/media?parent=933"}],"wp:term":[{"taxonomy":"product_brand","embeddable":true,"href":"https:\/\/ibemf.org.br\/index.php\/wp-json\/wp\/v2\/product_brand?post=933"},{"taxonomy":"product_cat","embeddable":true,"href":"https:\/\/ibemf.org.br\/index.php\/wp-json\/wp\/v2\/product_cat?post=933"},{"taxonomy":"product_tag","embeddable":true,"href":"https:\/\/ibemf.org.br\/index.php\/wp-json\/wp\/v2\/product_tag?post=933"}],"curies":[{"name":"wp","href":"https:\/\/api.w.org\/{rel}","templated":true}]}}